Last updated on 2022-04-08 01:48:46 CEST.
Flavor | Version | Tinstall | Tcheck | Ttotal | Status | Flags |
---|---|---|---|---|---|---|
r-devel-linux-x86_64-debian-clang | 1.1.2 | 7.87 | 86.90 | 94.77 | NOTE | |
r-devel-linux-x86_64-debian-gcc | 1.1.2 | 6.59 | 66.42 | 73.01 | NOTE | |
r-devel-linux-x86_64-fedora-clang | 1.1.2 | 115.41 | NOTE | |||
r-devel-linux-x86_64-fedora-gcc | 1.1.2 | 101.52 | NOTE | |||
r-devel-windows-x86_64-new-UL | 1.1.2 | 15.00 | 106.00 | 121.00 | NOTE | |
r-patched-linux-x86_64 | 1.1.2 | 8.30 | 83.07 | 91.37 | NOTE | |
r-release-linux-x86_64 | 1.1.2 | 5.32 | 79.62 | 84.94 | NOTE | |
r-release-macos-arm64 | 1.1.2 | NOTE | ||||
r-release-macos-x86_64 | 1.1.2 | NOTE | ||||
r-release-windows-ix86+x86_64 | 1.1.2 | 17.00 | 101.00 | 118.00 | NOTE | |
r-oldrel-macos-x86_64 | 1.1.2 | OK | ||||
r-oldrel-windows-ix86+x86_64 | 1.1.2 | 17.00 | 94.00 | 111.00 | OK |
Version: 1.1.2
Check: LazyData
Result: NOTE
'LazyData' is specified without a 'data' directory
Flavors: r-devel-linux-x86_64-debian-clang, r-devel-linux-x86_64-debian-gcc, r-devel-linux-x86_64-fedora-clang, r-devel-linux-x86_64-fedora-gcc, r-devel-windows-x86_64-new-UL, r-patched-linux-x86_64, r-release-linux-x86_64, r-release-macos-arm64, r-release-macos-x86_64, r-release-windows-ix86+x86_64