CRAN Package Check Results for Package FIESTAutils

Last updated on 2022-04-08 01:48:46 CEST.

Flavor Version Tinstall Tcheck Ttotal Status Flags
r-devel-linux-x86_64-debian-clang 1.0.0 59.94 131.00 190.94 OK
r-devel-linux-x86_64-debian-gcc 1.0.0 46.44 93.16 139.60 OK
r-devel-linux-x86_64-fedora-clang 1.0.0 236.54 NOTE
r-devel-linux-x86_64-fedora-gcc 1.0.0 223.06 OK
r-devel-windows-x86_64-new-UL 1.0.0 115.00 153.00 268.00 OK
r-patched-linux-x86_64 1.0.0 61.20 122.83 184.03 OK
r-release-linux-x86_64 1.0.0 54.61 116.63 171.24 OK
r-release-macos-arm64 1.0.0 NOTE
r-release-macos-x86_64 1.0.0 NOTE
r-release-windows-ix86+x86_64 1.0.0 123.00 165.00 288.00 NOTE
r-oldrel-macos-x86_64 1.0.0 NOTE
r-oldrel-windows-ix86+x86_64 1.0.0 123.00 166.00 289.00 NOTE

Check Details

Version: 1.0.0
Check: installed package size
Result: NOTE
     installed size is 6.2Mb
     sub-directories of 1Mb or more:
     data 3.1Mb
     libs 2.5Mb
Flavors: r-devel-linux-x86_64-fedora-clang, r-release-macos-arm64, r-release-macos-x86_64, r-release-windows-ix86+x86_64, r-oldrel-macos-x86_64, r-oldrel-windows-ix86+x86_64