Last updated on 2022-04-08 01:48:45 CEST.
Flavor | Version | Tinstall | Tcheck | Ttotal | Status | Flags |
---|---|---|---|---|---|---|
r-devel-linux-x86_64-debian-clang | 2.2.3 | 8.19 | 88.54 | 96.73 | OK | |
r-devel-linux-x86_64-debian-gcc | 2.2.3 | 6.22 | 66.34 | 72.56 | OK | |
r-devel-linux-x86_64-fedora-clang | 2.2.3 | 120.06 | NOTE | |||
r-devel-linux-x86_64-fedora-gcc | 2.2.3 | 104.10 | NOTE | |||
r-devel-windows-x86_64-new-UL | 2.2.3 | 33.00 | 116.00 | 149.00 | OK | |
r-patched-linux-x86_64 | 2.2.3 | 7.46 | 83.71 | 91.17 | OK | |
r-release-linux-x86_64 | 2.2.3 | 5.02 | 79.44 | 84.46 | OK | |
r-release-macos-arm64 | 2.2.3 | NOTE | ||||
r-release-macos-x86_64 | 2.2.3 | NOTE | ||||
r-release-windows-ix86+x86_64 | 2.2.3 | 19.00 | 108.00 | 127.00 | OK | |
r-oldrel-macos-x86_64 | 2.2.3 | NOTE | ||||
r-oldrel-windows-ix86+x86_64 | 2.2.3 | 18.00 | 103.00 | 121.00 | OK |
Version: 2.2.3
Check: data for non-ASCII characters
Result: NOTE
Note: found 179 marked UTF-8 strings
Flavors: r-devel-linux-x86_64-fedora-clang, r-devel-linux-x86_64-fedora-gcc, r-release-macos-arm64, r-release-macos-x86_64, r-oldrel-macos-x86_64