Last updated on 2022-04-08 01:48:45 CEST.
Flavor | Version | Tinstall | Tcheck | Ttotal | Status | Flags |
---|---|---|---|---|---|---|
r-devel-linux-x86_64-debian-clang | 1.3.2 | 973.41 | 1048.31 | 2021.72 | NOTE | |
r-devel-linux-x86_64-debian-gcc | 1.3.2 | 911.57 | 727.39 | 1638.96 | NOTE | |
r-devel-linux-x86_64-fedora-clang | 1.3.2 | 2640.00 | NOTE | |||
r-devel-linux-x86_64-fedora-gcc | 1.3.2 | 2751.76 | NOTE | |||
r-devel-windows-x86_64-new-UL | 1.3.2 | 655.00 | 1112.00 | 1767.00 | NOTE | |
r-patched-linux-x86_64 | 1.3.2 | 703.52 | 988.01 | 1691.53 | NOTE | |
r-release-linux-x86_64 | 1.3.2 | 696.26 | 960.28 | 1656.54 | NOTE | |
r-release-macos-arm64 | 1.3.2 | NOTE | ||||
r-release-macos-x86_64 | 1.3.2 | NOTE | ||||
r-release-windows-ix86+x86_64 | 1.3.2 | 2140.00 | 0.00 | 2140.00 | FAIL | |
r-oldrel-macos-x86_64 | 1.3.2 | NOTE | ||||
r-oldrel-windows-ix86+x86_64 | 1.3.2 | 1732.00 | 9.00 | 1741.00 | ERROR |
Version: 1.3.2
Check: package dependencies
Result: NOTE
Package suggested but not available for checking: 'EpiSoon'
Flavors: r-devel-linux-x86_64-debian-clang, r-devel-linux-x86_64-debian-gcc, r-devel-linux-x86_64-fedora-clang, r-devel-linux-x86_64-fedora-gcc, r-devel-windows-x86_64-new-UL, r-patched-linux-x86_64, r-release-linux-x86_64, r-release-macos-arm64, r-release-macos-x86_64, r-release-windows-ix86+x86_64, r-oldrel-macos-x86_64, r-oldrel-windows-ix86+x86_64
Version: 1.3.2
Check: installed package size
Result: NOTE
installed size is 99.1Mb
sub-directories of 1Mb or more:
libs 97.3Mb
Flavors: r-devel-linux-x86_64-fedora-clang, r-devel-windows-x86_64-new-UL, r-release-macos-arm64, r-release-macos-x86_64, r-release-windows-ix86+x86_64, r-oldrel-macos-x86_64
Version: 1.3.2
Check: running examples for arch ‘x64’
Result: FAIL
Check process probably crashed or hung up for 20 minutes ... killed
Most likely this happened in the example checks (?),
if not, ignore the following last lines of example output:
======== End of example output (where/before crash/hang up occured ?) ========
Flavor: r-release-windows-ix86+x86_64
Version: 1.3.2
Check: whether package can be installed
Result: ERROR
Installation failed.
Flavor: r-oldrel-windows-ix86+x86_64