CRAN Package Check Results for Package EmbedSOM

Last updated on 2022-04-08 01:48:45 CEST.

Flavor Version Tinstall Tcheck Ttotal Status Flags
r-devel-linux-x86_64-debian-clang 2.1.1 34.50 75.09 109.59 NOTE
r-devel-linux-x86_64-debian-gcc 2.1.1 22.83 55.03 77.86 NOTE
r-devel-linux-x86_64-fedora-clang 2.1.1 147.38 NOTE
r-devel-linux-x86_64-fedora-gcc 2.1.1 114.88 NOTE
r-devel-windows-x86_64-new-UL 2.1.1 43.00 152.00 195.00 NOTE
r-patched-linux-x86_64 2.1.1 23.29 71.44 94.73 NOTE
r-release-linux-x86_64 2.1.1 22.49 70.14 92.63 NOTE
r-release-macos-arm64 2.1.1 NOTE
r-release-macos-x86_64 2.1.1 NOTE
r-release-windows-ix86+x86_64 2.1.1 50.00 112.00 162.00 NOTE
r-oldrel-macos-x86_64 2.1.1 NOTE
r-oldrel-windows-ix86+x86_64 2.1.1 50.00 111.00 161.00 OK

Check Details

Version: 2.1.1
Check: LazyData
Result: NOTE
     'LazyData' is specified without a 'data' directory
Flavors: r-devel-linux-x86_64-debian-clang, r-devel-linux-x86_64-debian-gcc, r-devel-linux-x86_64-fedora-clang, r-devel-linux-x86_64-fedora-gcc, r-devel-windows-x86_64-new-UL, r-patched-linux-x86_64, r-release-linux-x86_64, r-release-macos-arm64, r-release-macos-x86_64, r-release-windows-ix86+x86_64

Version: 2.1.1
Check: dependencies in R code
Result: NOTE
    Namespaces in Imports field not imported from:
     ‘Matrix’ ‘Rtsne’ ‘uwot’
     All declared Imports should be used.
Flavors: r-devel-linux-x86_64-fedora-clang, r-devel-linux-x86_64-fedora-gcc, r-release-macos-arm64, r-release-macos-x86_64, r-oldrel-macos-x86_64

Version: 2.1.1
Check: installed package size
Result: NOTE
     installed size is 5.5Mb
     sub-directories of 1Mb or more:
     doc 1.7Mb
     libs 3.6Mb
Flavor: r-release-macos-arm64