CRAN Package Check Results for Package Eagle

Last updated on 2022-04-08 01:48:44 CEST.

Flavor Version Tinstall Tcheck Ttotal Status Flags
r-devel-linux-x86_64-debian-clang 2.5 299.29 101.60 400.89 OK
r-devel-linux-x86_64-debian-gcc 2.5 240.84 77.03 317.87 OK
r-devel-linux-x86_64-fedora-clang 2.5 613.35 NOTE
r-devel-linux-x86_64-fedora-gcc 2.5 507.54 OK
r-devel-windows-x86_64-new-UL 2.5 232.00 146.00 378.00 OK
r-patched-linux-x86_64 2.5 177.64 98.95 276.59 OK
r-release-linux-x86_64 2.5 183.68 95.00 278.68 OK
r-release-macos-arm64 2.5 NOTE
r-release-macos-x86_64 2.5 NOTE
r-release-windows-ix86+x86_64 2.5 723.00 158.00 881.00 OK
r-oldrel-macos-x86_64 2.5 NOTE
r-oldrel-windows-ix86+x86_64 2.5 710.00 161.00 871.00 OK

Check Details

Version: 2.5
Check: installed package size
Result: NOTE
     installed size is 9.8Mb
     sub-directories of 1Mb or more:
     libs 8.3Mb
     shiny_app 1.1Mb
Flavors: r-devel-linux-x86_64-fedora-clang, r-release-macos-arm64, r-release-macos-x86_64, r-oldrel-macos-x86_64