CRAN Package Check Results for Package EZtune

Last updated on 2022-04-08 01:48:45 CEST.

Flavor Version Tinstall Tcheck Ttotal Status Flags
r-devel-linux-x86_64-debian-clang 3.1.1 4.98 381.23 386.21 OK
r-devel-linux-x86_64-debian-gcc 3.1.1 3.89 334.52 338.41 OK
r-devel-linux-x86_64-fedora-clang 3.1.1 558.84 NOTE
r-devel-linux-x86_64-fedora-gcc 3.1.1 479.16 NOTE
r-devel-windows-x86_64-new-UL 3.1.1 24.00 599.00 623.00 OK
r-patched-linux-x86_64 3.1.1 4.68 542.59 547.27 OK
r-release-linux-x86_64 3.1.1 4.68 419.01 423.69 OK
r-release-macos-arm64 3.1.1 NOTE
r-release-macos-x86_64 3.1.1 NOTE
r-release-windows-ix86+x86_64 3.1.1 11.00 478.00 489.00 OK
r-oldrel-macos-x86_64 3.1.1 NOTE
r-oldrel-windows-ix86+x86_64 3.1.1 10.00 457.00 467.00 OK

Check Details

Version: 3.1.1
Check: dependencies in R code
Result: NOTE
    Namespace in Imports field not imported from: ‘BiocStyle’
     All declared Imports should be used.
Flavors: r-devel-linux-x86_64-fedora-clang, r-devel-linux-x86_64-fedora-gcc, r-release-macos-arm64, r-release-macos-x86_64, r-oldrel-macos-x86_64