Last updated on 2022-04-08 01:48:45 CEST.
Flavor | Version | Tinstall | Tcheck | Ttotal | Status | Flags |
---|---|---|---|---|---|---|
r-devel-linux-x86_64-debian-clang | 2.0.3 | 30.18 | 821.75 | 851.93 | OK | |
r-devel-linux-x86_64-debian-gcc | 2.0.3 | 30.47 | 585.43 | 615.90 | OK | |
r-devel-linux-x86_64-fedora-clang | 2.0.3 | 982.19 | NOTE | |||
r-devel-linux-x86_64-fedora-gcc | 2.0.3 | 967.52 | NOTE | |||
r-devel-windows-x86_64-new-UL | 2.0.3 | 85.00 | 758.00 | 843.00 | OK | |
r-patched-linux-x86_64 | 2.0.3 | 38.25 | 782.02 | 820.27 | OK | |
r-release-linux-x86_64 | 2.0.3 | 23.13 | 753.36 | 776.49 | OK | |
r-release-macos-arm64 | 2.0.3 | NOTE | ||||
r-release-macos-x86_64 | 2.0.3 | NOTE | ||||
r-release-windows-ix86+x86_64 | 2.0.3 | 76.00 | 836.00 | 912.00 | OK | |
r-oldrel-macos-x86_64 | 2.0.3 | NOTE | ||||
r-oldrel-windows-ix86+x86_64 | 2.0.3 | 80.00 | 844.00 | 924.00 | OK |
Version: 2.0.3
Check: dependencies in R code
Result: NOTE
Namespaces in Imports field not imported from:
‘graphics’ ‘sp’ ‘testthat’
All declared Imports should be used.
Flavors: r-devel-linux-x86_64-fedora-clang, r-devel-linux-x86_64-fedora-gcc, r-release-macos-arm64, r-release-macos-x86_64, r-oldrel-macos-x86_64
Version: 2.0.3
Check: data for non-ASCII characters
Result: NOTE
Note: found 2 marked UTF-8 strings
Flavors: r-devel-linux-x86_64-fedora-clang, r-devel-linux-x86_64-fedora-gcc, r-release-macos-arm64, r-release-macos-x86_64, r-oldrel-macos-x86_64