CRAN Package Check Results for Package EMVS

Last updated on 2022-04-08 01:48:45 CEST.

Flavor Version Tinstall Tcheck Ttotal Status Flags
r-devel-linux-x86_64-debian-clang 1.2.1 59.06 69.69 128.75 WARN
r-devel-linux-x86_64-debian-gcc 1.2.1 53.87 54.16 108.03 OK
r-devel-linux-x86_64-fedora-clang 1.2.1 191.85 WARN
r-devel-linux-x86_64-fedora-gcc 1.2.1 165.58 OK
r-devel-windows-x86_64-new-UL 1.2.1 56.00 112.00 168.00 OK
r-patched-linux-x86_64 1.2.1 55.37 68.26 123.63 OK
r-release-linux-x86_64 1.2.1 53.24 67.90 121.14 OK
r-release-macos-arm64 1.2.1 NOTE
r-release-macos-x86_64 1.2.1 NOTE
r-release-windows-ix86+x86_64 1.2.1 161.00 102.00 263.00 NOTE
r-oldrel-macos-x86_64 1.2.1 NOTE
r-oldrel-windows-ix86+x86_64 1.2.1 161.00 100.00 261.00 NOTE

Additional issues

clang14

Check Details

Version: 1.2.1
Check: whether package can be installed
Result: WARN
    Found the following significant warnings:
     conj_EMVS.cpp:68:9: warning: use of bitwise '|' with boolean operands [-Wbitwise-instead-of-logical]
     conj_EMVS.cpp:77:9: warning: use of bitwise '|' with boolean operands [-Wbitwise-instead-of-logical]
     conj_EMVS.cpp:135:9: warning: use of bitwise '|' with boolean operands [-Wbitwise-instead-of-logical]
     ind_EMVS.cpp:67:11: warning: use of bitwise '|' with boolean operands [-Wbitwise-instead-of-logical]
     ind_EMVS.cpp:77:11: warning: use of bitwise '|' with boolean operands [-Wbitwise-instead-of-logical]
     ind_EMVS.cpp:124:11: warning: use of bitwise '|' with boolean operands [-Wbitwise-instead-of-logical]
Flavors: r-devel-linux-x86_64-debian-clang, r-devel-linux-x86_64-fedora-clang

Version: 1.2.1
Check: installed package size
Result: NOTE
     installed size is 5.9Mb
     sub-directories of 1Mb or more:
     doc 3.6Mb
     libs 2.1Mb
Flavors: r-devel-linux-x86_64-fedora-clang, r-release-macos-arm64, r-release-macos-x86_64, r-release-windows-ix86+x86_64, r-oldrel-macos-x86_64, r-oldrel-windows-ix86+x86_64