Last updated on 2022-04-08 01:48:44 CEST.
Flavor | Version | Tinstall | Tcheck | Ttotal | Status | Flags |
---|---|---|---|---|---|---|
r-devel-linux-x86_64-debian-clang | 1.0 | 5.51 | 73.75 | 79.26 | NOTE | |
r-devel-linux-x86_64-debian-gcc | 1.0 | 6.26 | 56.66 | 62.92 | NOTE | |
r-devel-linux-x86_64-fedora-clang | 1.0 | 99.79 | NOTE | |||
r-devel-linux-x86_64-fedora-gcc | 1.0 | 88.40 | NOTE | |||
r-devel-windows-x86_64-new-UL | 1.0 | 14.00 | 85.00 | 99.00 | NOTE | |
r-patched-linux-x86_64 | 1.0 | 5.46 | 70.92 | 76.38 | NOTE | |
r-release-linux-x86_64 | 1.0 | 6.08 | 67.51 | 73.59 | NOTE | |
r-release-macos-arm64 | 1.0 | NOTE | ||||
r-release-macos-x86_64 | 1.0 | NOTE | ||||
r-release-windows-ix86+x86_64 | 1.0 | 15.00 | 80.00 | 95.00 | NOTE | |
r-oldrel-macos-x86_64 | 1.0 | OK | ||||
r-oldrel-windows-ix86+x86_64 | 1.0 | 16.00 | 79.00 | 95.00 | OK |
Version: 1.0
Check: LazyData
Result: NOTE
'LazyData' is specified without a 'data' directory
Flavors: r-devel-linux-x86_64-debian-clang, r-devel-linux-x86_64-debian-gcc, r-devel-linux-x86_64-fedora-clang, r-devel-linux-x86_64-fedora-gcc, r-devel-windows-x86_64-new-UL, r-patched-linux-x86_64, r-release-linux-x86_64, r-release-macos-arm64, r-release-macos-x86_64, r-release-windows-ix86+x86_64