Last updated on 2022-04-08 01:48:44 CEST.
Flavor | Version | Tinstall | Tcheck | Ttotal | Status | Flags |
---|---|---|---|---|---|---|
r-devel-linux-x86_64-debian-clang | 1.3 | 22.72 | 58.99 | 81.71 | OK | |
r-devel-linux-x86_64-debian-gcc | 1.3 | 19.55 | 45.27 | 64.82 | OK | |
r-devel-linux-x86_64-fedora-clang | 1.3 | 111.22 | OK | |||
r-devel-linux-x86_64-fedora-gcc | 1.3 | 96.27 | OK | |||
r-devel-windows-x86_64-new-UL | 1.3 | 36.00 | 94.00 | 130.00 | NOTE | |
r-patched-linux-x86_64 | 1.3 | 21.73 | 55.43 | 77.16 | OK | |
r-release-linux-x86_64 | 1.3 | 20.89 | 54.14 | 75.03 | OK | |
r-release-macos-arm64 | 1.3 | NOTE | ||||
r-release-macos-x86_64 | 1.3 | NOTE | ||||
r-release-windows-ix86+x86_64 | 1.3 | 54.00 | 106.00 | 160.00 | NOTE | |
r-oldrel-macos-x86_64 | 1.3 | NOTE | ||||
r-oldrel-windows-ix86+x86_64 | 1.3 | 56.00 | 100.00 | 156.00 | NOTE |
Version: 1.3
Check: installed package size
Result: NOTE
installed size is 5.1Mb
sub-directories of 1Mb or more:
data 3.9Mb
libs 1.0Mb
Flavors: r-devel-windows-x86_64-new-UL, r-release-macos-arm64, r-release-macos-x86_64, r-release-windows-ix86+x86_64, r-oldrel-macos-x86_64, r-oldrel-windows-ix86+x86_64