CRAN Package Check Results for Package DiffusionRjgqd

Last updated on 2022-04-08 01:48:44 CEST.

Flavor Version Tinstall Tcheck Ttotal Status Flags
r-devel-linux-x86_64-debian-clang 0.1.1 50.90 180.88 231.78 NOTE
r-devel-linux-x86_64-debian-gcc 0.1.1 37.81 139.89 177.70 NOTE
r-devel-linux-x86_64-fedora-clang 0.1.1 284.38 NOTE
r-devel-linux-x86_64-fedora-gcc 0.1.1 281.31 NOTE
r-devel-windows-x86_64-new-UL 0.1.1 130.00 264.00 394.00 NOTE
r-patched-linux-x86_64 0.1.1 42.24 182.14 224.38 OK
r-release-linux-x86_64 0.1.1 42.96 100.66 143.62 OK
r-release-macos-arm64 0.1.1 NOTE
r-release-macos-x86_64 0.1.1 NOTE
r-release-windows-ix86+x86_64 0.1.1 94.00 136.00 230.00 NOTE
r-oldrel-macos-x86_64 0.1.1 WARN
r-oldrel-windows-ix86+x86_64 0.1.1 95.00 139.00 234.00 NOTE

Check Details

Version: 0.1.1
Check: Rd files
Result: NOTE
    checkRd: (7) file 'JGQD.dic.Rd': \item in \value must have non-empty label
Flavors: r-devel-linux-x86_64-debian-clang, r-devel-linux-x86_64-debian-gcc, r-devel-linux-x86_64-fedora-clang, r-devel-linux-x86_64-fedora-gcc

Version: 0.1.1
Check: installed package size
Result: NOTE
     installed size is 6.8Mb
     sub-directories of 1Mb or more:
     doc 5.6Mb
Flavors: r-devel-linux-x86_64-fedora-clang, r-devel-windows-x86_64-new-UL, r-release-macos-arm64, r-release-macos-x86_64, r-release-windows-ix86+x86_64, r-oldrel-macos-x86_64, r-oldrel-windows-ix86+x86_64

Version: 0.1.1
Check: compiled code
Result: NOTE
    File ‘DiffusionRjgqd/libs/DiffusionRjgqd.so’:
     Found no calls to: ‘R_registerRoutines’, ‘R_useDynamicSymbols’
    
    It is good practice to register native routines and to disable symbol
    search.
    
    See ‘Writing portable packages’ in the ‘Writing R Extensions’ manual.
Flavors: r-devel-linux-x86_64-fedora-clang, r-devel-linux-x86_64-fedora-gcc

Version: 0.1.1
Check: re-building of vignette outputs
Result: WARN
    Error(s) in re-building vignettes:
    --- re-building ‘Part_1_Introduction.Rmd’ using rmarkdown
    Warning in engine$weave(file, quiet = quiet, encoding = enc) :
     Pandoc (>= 1.12.3) and/or pandoc-citeproc not available. Falling back to R Markdown v1.
    --- finished re-building ‘Part_1_Introduction.Rmd’
    
    --- re-building ‘Part_2_Transition_Densities.Rmd’ using rmarkdown
    Warning in engine$weave(file, quiet = quiet, encoding = enc) :
     Pandoc (>= 1.12.3) and/or pandoc-citeproc not available. Falling back to R Markdown v1.
    Quitting from lines 176-185 (Part_2_Transition_Densities.Rmd)
    Error: processing vignette 'Part_2_Transition_Densities.Rmd' failed with diagnostics:
    there is no package called 'DiffusionRgqd'
    --- failed re-building ‘Part_2_Transition_Densities.Rmd’
    
    --- re-building ‘Part_3_Bivariate_Diffusions.Rmd’ using rmarkdown
    Warning in engine$weave(file, quiet = quiet, encoding = enc) :
     Pandoc (>= 1.12.3) and/or pandoc-citeproc not available. Falling back to R Markdown v1.
    --- finished re-building ‘Part_3_Bivariate_Diffusions.Rmd’
    
    --- re-building ‘DiffusionRjgqd_Paper.pdf.asis’ using asis
    --- finished re-building ‘DiffusionRjgqd_Paper.pdf.asis’
    
    --- re-building ‘DiffusionRjgqd_RepMaterials.html.asis’ using asis
    --- finished re-building ‘DiffusionRjgqd_RepMaterials.html.asis’
    
    --- re-building ‘Part_4_Likelihood_Inference.html.asis’ using asis
    --- finished re-building ‘Part_4_Likelihood_Inference.html.asis’
    
    SUMMARY: processing the following file failed:
     ‘Part_2_Transition_Densities.Rmd’
    
    Error: Vignette re-building failed.
    Execution halted
Flavor: r-oldrel-macos-x86_64