CRAN Package Check Results for Package DiffusionRimp

Last updated on 2022-04-08 01:48:44 CEST.

Flavor Version Tinstall Tcheck Ttotal Status Flags
r-devel-linux-x86_64-debian-clang 0.1.2 38.90 70.14 109.04 OK
r-devel-linux-x86_64-debian-gcc 0.1.2 27.18 54.09 81.27 OK
r-devel-linux-x86_64-fedora-clang 0.1.2 137.79 NOTE
r-devel-linux-x86_64-fedora-gcc 0.1.2 119.43 NOTE
r-devel-windows-x86_64-new-UL 0.1.2 98.00 107.00 205.00 OK
r-patched-linux-x86_64 0.1.2 32.71 68.90 101.61 OK
r-release-linux-x86_64 0.1.2 30.28 68.11 98.39 OK
r-release-macos-arm64 0.1.2 OK
r-release-macos-x86_64 0.1.2 OK
r-release-windows-ix86+x86_64 0.1.2 79.00 109.00 188.00 OK
r-oldrel-macos-x86_64 0.1.2 OK
r-oldrel-windows-ix86+x86_64 0.1.2 80.00 108.00 188.00 OK

Check Details

Version: 0.1.2
Check: compiled code
Result: NOTE
    File ‘DiffusionRimp/libs/DiffusionRimp.so’:
     Found no calls to: ‘R_registerRoutines’, ‘R_useDynamicSymbols’
    
    It is good practice to register native routines and to disable symbol
    search.
    
    See ‘Writing portable packages’ in the ‘Writing R Extensions’ manual.
Flavors: r-devel-linux-x86_64-fedora-clang, r-devel-linux-x86_64-fedora-gcc