Last updated on 2022-04-08 01:48:43 CEST.
Flavor | Version | Tinstall | Tcheck | Ttotal | Status | Flags |
---|---|---|---|---|---|---|
r-devel-linux-x86_64-debian-clang | 1.0.1 | 4.10 | 38.87 | 42.97 | NOTE | |
r-devel-linux-x86_64-debian-gcc | 1.0.1 | 2.97 | 29.62 | 32.59 | NOTE | |
r-devel-linux-x86_64-fedora-clang | 1.0.1 | 51.40 | NOTE | |||
r-devel-linux-x86_64-fedora-gcc | 1.0.1 | 40.15 | NOTE | |||
r-devel-windows-x86_64-new-UL | 1.0.1 | 19.00 | 64.00 | 83.00 | NOTE | |
r-patched-linux-x86_64 | 1.0.1 | 4.27 | 36.58 | 40.85 | NOTE | |
r-release-linux-x86_64 | 1.0.1 | 3.79 | 36.39 | 40.18 | NOTE | |
r-release-macos-arm64 | 1.0.1 | NOTE | ||||
r-release-macos-x86_64 | 1.0.1 | NOTE | ||||
r-release-windows-ix86+x86_64 | 1.0.1 | 11.00 | 54.00 | 65.00 | NOTE | |
r-oldrel-macos-x86_64 | 1.0.1 | NOTE | ||||
r-oldrel-windows-ix86+x86_64 | 1.0.1 | 11.00 | 56.00 | 67.00 | NOTE |
Version: 1.0.1
Check: DESCRIPTION meta-information
Result: NOTE
Malformed Description field: should contain one or more complete sentences.
Flavors: r-devel-linux-x86_64-debian-clang, r-devel-linux-x86_64-debian-gcc, r-devel-linux-x86_64-fedora-clang, r-devel-linux-x86_64-fedora-gcc, r-devel-windows-x86_64-new-UL, r-patched-linux-x86_64, r-release-linux-x86_64, r-release-macos-arm64, r-release-macos-x86_64, r-release-windows-ix86+x86_64, r-oldrel-macos-x86_64, r-oldrel-windows-ix86+x86_64
Version: 1.0.1
Check: R code for possible problems
Result: NOTE
DendSer: no visible global function definition for 'getFromNamespace'
crit2cost : <anonymous>: no visible global function definition for
'as.dist'
dser.dist: no visible global function definition for 'hclust'
dser.matrix: no visible global function definition for 'dist'
plotAsColor: no visible global function definition for 'image'
plotAsColor: no visible global function definition for 'box'
plotAsColor: no visible global function definition for 'axis'
seriation_method_dist_dser: no visible global function definition for
'hclust'
seriation_method_dist_dser: no visible global function definition for
'modifyList'
seriation_method_leafsort: no visible global function definition for
'modifyList'
Undefined global functions or variables:
as.dist axis box dist getFromNamespace hclust image modifyList
Consider adding
importFrom("graphics", "axis", "box", "image")
importFrom("stats", "as.dist", "dist", "hclust")
importFrom("utils", "getFromNamespace", "modifyList")
to your NAMESPACE file.
Flavors: r-devel-linux-x86_64-debian-clang, r-devel-linux-x86_64-debian-gcc, r-devel-linux-x86_64-fedora-clang, r-devel-linux-x86_64-fedora-gcc, r-devel-windows-x86_64-new-UL, r-patched-linux-x86_64, r-release-linux-x86_64, r-release-macos-arm64, r-release-macos-x86_64, r-release-windows-ix86+x86_64, r-oldrel-macos-x86_64, r-oldrel-windows-ix86+x86_64
Version: 1.0.1
Check: compiled code
Result: NOTE
File ‘DendSer/libs/DendSer.so’:
Found no calls to: ‘R_registerRoutines’, ‘R_useDynamicSymbols’
It is good practice to register native routines and to disable symbol
search.
See ‘Writing portable packages’ in the ‘Writing R Extensions’ manual.
Flavors: r-devel-linux-x86_64-fedora-clang, r-devel-linux-x86_64-fedora-gcc