Last updated on 2022-04-08 01:48:43 CEST.
Flavor | Version | Tinstall | Tcheck | Ttotal | Status | Flags |
---|---|---|---|---|---|---|
r-devel-linux-x86_64-debian-clang | 1.2.2 | 55.13 | 307.24 | 362.37 | OK | |
r-devel-linux-x86_64-debian-gcc | 1.2.2 | 44.40 | 220.37 | 264.77 | OK | |
r-devel-linux-x86_64-fedora-clang | 1.2.2 | 447.65 | NOTE | |||
r-devel-linux-x86_64-fedora-gcc | 1.2.2 | 444.51 | OK | |||
r-devel-windows-x86_64-new-UL | 1.2.2 | 315.00 | 325.00 | 640.00 | OK | |
r-patched-linux-x86_64 | 1.2.2 | 52.82 | 298.42 | 351.24 | OK | |
r-release-linux-x86_64 | 1.2.2 | 43.16 | 286.74 | 329.90 | OK | |
r-release-macos-arm64 | 1.2.2 | NOTE | ||||
r-release-macos-x86_64 | 1.2.2 | OK | ||||
r-release-windows-ix86+x86_64 | 1.2.2 | 128.00 | 342.00 | 470.00 | NOTE | |
r-oldrel-macos-x86_64 | 1.2.2 | OK | ||||
r-oldrel-windows-ix86+x86_64 | 1.2.2 | 127.00 | 337.00 | 464.00 | NOTE |
Version: 1.2.2
Check: Rd cross-references
Result: NOTE
Undeclared package ‘FCPS’ in Rd xrefs
Flavor: r-devel-linux-x86_64-fedora-clang
Version: 1.2.2
Check: installed package size
Result: NOTE
installed size is 5.0Mb
sub-directories of 1Mb or more:
doc 1.7Mb
libs 2.0Mb
Flavors: r-release-macos-arm64, r-release-windows-ix86+x86_64, r-oldrel-windows-ix86+x86_64