CRAN Package Check Results for Package DSWE

Last updated on 2022-04-08 01:48:44 CEST.

Flavor Version Tinstall Tcheck Ttotal Status Flags
r-devel-linux-x86_64-debian-clang 1.5.1 58.02 116.18 174.20 OK
r-devel-linux-x86_64-debian-gcc 1.5.1 50.98 87.01 137.99 OK
r-devel-linux-x86_64-fedora-clang 1.5.1 236.45 NOTE
r-devel-linux-x86_64-fedora-gcc 1.5.1 210.20 OK
r-devel-windows-x86_64-new-UL 1.5.1 61.00 151.00 212.00 OK
r-patched-linux-x86_64 1.5.1 59.16 110.69 169.85 OK
r-release-linux-x86_64 1.5.1 55.90 102.07 157.97 OK
r-release-macos-arm64 1.5.1 NOTE
r-release-macos-x86_64 1.5.1 NOTE
r-release-windows-ix86+x86_64 1.5.1 145.00 171.00 316.00 NOTE
r-oldrel-macos-x86_64 1.5.1 NOTE
r-oldrel-windows-ix86+x86_64 1.5.1 144.00 168.00 312.00 NOTE

Check Details

Version: 1.5.1
Check: installed package size
Result: NOTE
     installed size is 5.3Mb
     sub-directories of 1Mb or more:
     data 2.8Mb
     libs 2.3Mb
Flavors: r-devel-linux-x86_64-fedora-clang, r-release-macos-arm64, r-release-macos-x86_64, r-release-windows-ix86+x86_64, r-oldrel-macos-x86_64, r-oldrel-windows-ix86+x86_64