CRAN Package Check Results for Package DRviaSPCN

Last updated on 2022-04-08 01:48:44 CEST.

Flavor Version Tinstall Tcheck Ttotal Status Flags
r-devel-linux-x86_64-debian-clang 0.1.2 55.36 515.76 571.12 OK
r-devel-linux-x86_64-debian-gcc 0.1.2 48.86 394.56 443.42 OK
r-devel-linux-x86_64-fedora-clang 0.1.2 726.56 OK
r-devel-linux-x86_64-fedora-gcc 0.1.2 731.01 OK
r-devel-windows-x86_64-new-UL 0.1.2 168.00 508.00 676.00 OK
r-patched-linux-x86_64 0.1.2 60.29 494.34 554.63 OK
r-release-linux-x86_64 0.1.2 53.91 448.02 501.93 OK
r-release-macos-arm64 0.1.2 NOTE
r-release-macos-x86_64 0.1.2 OK
r-release-windows-ix86+x86_64 0.1.2 123.00 505.00 628.00 OK
r-oldrel-macos-x86_64 0.1.2 ERROR
r-oldrel-windows-ix86+x86_64 0.1.2 102.00 412.00 514.00 OK

Check Details

Version: 0.1.2
Check: installed package size
Result: NOTE
     installed size is 5.4Mb
     sub-directories of 1Mb or more:
     data 5.0Mb
Flavor: r-release-macos-arm64

Version: 0.1.2
Check: package dependencies
Result: ERROR
    Packages required but not available: 'ChemmineR', 'clusterProfiler'
    
    See section ‘The DESCRIPTION file’ in the ‘Writing R Extensions’
    manual.
Flavor: r-oldrel-macos-x86_64