CRAN Package Check Results for Package DNLC

Last updated on 2022-04-08 01:48:44 CEST.

Flavor Version Tinstall Tcheck Ttotal Status Flags
r-devel-linux-x86_64-debian-clang 1.0.0 24.72 44.09 68.81 NOTE
r-devel-linux-x86_64-debian-gcc 1.0.0 16.43 33.37 49.80 NOTE
r-devel-linux-x86_64-fedora-clang 1.0.0 82.65 NOTE
r-devel-linux-x86_64-fedora-gcc 1.0.0 69.03 NOTE
r-devel-windows-x86_64-new-UL 1.0.0 21.00 65.00 86.00 NOTE
r-patched-linux-x86_64 1.0.0 15.23 41.28 56.51 NOTE
r-release-linux-x86_64 1.0.0 14.01 40.23 54.24 NOTE
r-release-macos-arm64 1.0.0 NOTE
r-release-macos-x86_64 1.0.0 NOTE
r-release-windows-ix86+x86_64 1.0.0 30.00 51.00 81.00 NOTE
r-oldrel-macos-x86_64 1.0.0 NOTE
r-oldrel-windows-ix86+x86_64 1.0.0 27.00 51.00 78.00 OK

Check Details

Version: 1.0.0
Check: LazyData
Result: NOTE
     'LazyData' is specified without a 'data' directory
Flavors: r-devel-linux-x86_64-debian-clang, r-devel-linux-x86_64-debian-gcc, r-devel-linux-x86_64-fedora-clang, r-devel-linux-x86_64-fedora-gcc, r-devel-windows-x86_64-new-UL, r-patched-linux-x86_64, r-release-linux-x86_64, r-release-macos-arm64, r-release-macos-x86_64, r-release-windows-ix86+x86_64

Version: 1.0.0
Check: dependencies in R code
Result: NOTE
    Namespaces in Imports field not imported from:
     ‘GOstats’ ‘caTools’ ‘fdrtool’
     All declared Imports should be used.
Flavors: r-devel-linux-x86_64-fedora-clang, r-devel-linux-x86_64-fedora-gcc, r-release-macos-arm64, r-release-macos-x86_64, r-oldrel-macos-x86_64