CRAN Package Check Results for Package DDPNA

Last updated on 2022-04-08 01:48:43 CEST.

Flavor Version Tinstall Tcheck Ttotal Status Flags
r-devel-linux-x86_64-debian-clang 0.3.0 22.02 205.69 227.71 OK
r-devel-linux-x86_64-debian-gcc 0.3.0 14.01 149.25 163.26 OK
r-devel-linux-x86_64-fedora-clang 0.3.0 282.48 OK
r-devel-linux-x86_64-fedora-gcc 0.3.0 265.41 OK
r-devel-windows-x86_64-new-UL 0.3.0 30.00 209.00 239.00 OK
r-patched-linux-x86_64 0.3.0 21.88 190.42 212.30 OK
r-release-linux-x86_64 0.3.0 18.73 178.66 197.39 OK
r-release-macos-arm64 0.3.0 NOTE
r-release-macos-x86_64 0.3.0 NOTE
r-release-windows-ix86+x86_64 0.3.0 46.00 206.00 252.00 OK
r-oldrel-macos-x86_64 0.3.0 OK
r-oldrel-windows-ix86+x86_64 0.3.0 47.00 208.00 255.00 OK

Check Details

Version: 0.3.0
Check: package dependencies
Result: NOTE
    Package suggested but not available for checking: ‘WGCNA’
Flavors: r-release-macos-arm64, r-release-macos-x86_64