CRAN Package Check Results for Package DCPO

Last updated on 2022-04-08 01:48:43 CEST.

Flavor Version Tinstall Tcheck Ttotal Status Flags
r-devel-linux-x86_64-debian-clang 0.5.3 334.96 125.96 460.92 NOTE
r-devel-linux-x86_64-debian-gcc 0.5.3 262.27 101.61 363.88 NOTE
r-devel-linux-x86_64-fedora-clang 0.5.3 651.89 NOTE
r-devel-linux-x86_64-fedora-gcc 0.5.3 588.97 NOTE
r-devel-windows-x86_64-new-UL 0.5.3 172.00 181.00 353.00 NOTE
r-patched-linux-x86_64 0.5.3 216.51 128.95 345.46 NOTE
r-release-linux-x86_64 0.5.3 198.40 119.74 318.14 NOTE
r-release-macos-arm64 0.5.3 NOTE
r-release-macos-x86_64 0.5.3 NOTE
r-release-windows-ix86+x86_64 0.5.3 601.00 205.00 806.00 NOTE
r-oldrel-macos-x86_64 0.5.3 NOTE
r-oldrel-windows-ix86+x86_64 0.5.3 603.00 208.00 811.00 NOTE

Check Details

Version: 0.5.3
Check: for GNU extensions in Makefiles
Result: NOTE
    GNU make is a SystemRequirements.
Flavors: r-devel-linux-x86_64-debian-clang, r-devel-linux-x86_64-debian-gcc, r-devel-linux-x86_64-fedora-clang, r-devel-linux-x86_64-fedora-gcc, r-devel-windows-x86_64-new-UL, r-patched-linux-x86_64, r-release-linux-x86_64, r-release-macos-arm64, r-release-macos-x86_64, r-release-windows-ix86+x86_64, r-oldrel-macos-x86_64, r-oldrel-windows-ix86+x86_64

Version: 0.5.3
Check: installed package size
Result: NOTE
     installed size is 38.7Mb
     sub-directories of 1Mb or more:
     libs 38.2Mb
Flavors: r-devel-linux-x86_64-fedora-clang, r-release-macos-arm64, r-release-macos-x86_64, r-release-windows-ix86+x86_64, r-oldrel-macos-x86_64, r-oldrel-windows-ix86+x86_64

Version: 0.5.3
Check: data for non-ASCII characters
Result: NOTE
     Note: found 38 marked UTF-8 strings
Flavors: r-devel-linux-x86_64-fedora-clang, r-devel-linux-x86_64-fedora-gcc, r-release-macos-arm64, r-release-macos-x86_64, r-oldrel-macos-x86_64