CRAN Package Check Results for Package DCD

Last updated on 2022-04-08 01:48:43 CEST.

Flavor Version Tinstall Tcheck Ttotal Status Flags
r-devel-linux-x86_64-debian-clang 0.1.0 31.80 282.86 314.66 NOTE
r-devel-linux-x86_64-debian-gcc 0.1.0 21.61 211.89 233.50 NOTE
r-devel-linux-x86_64-fedora-clang 0.1.0 388.03 NOTE
r-devel-linux-x86_64-fedora-gcc 0.1.0 372.65 NOTE
r-devel-windows-x86_64-new-UL 0.1.0 28.00 272.00 300.00 ERROR
r-patched-linux-x86_64 0.1.0 27.30 270.06 297.36 NOTE
r-release-linux-x86_64 0.1.0 23.31 246.60 269.91 NOTE
r-release-macos-arm64 0.1.0 NOTE
r-release-macos-x86_64 0.1.0 NOTE
r-release-windows-ix86+x86_64 0.1.0 64.00 269.00 333.00 ERROR
r-oldrel-macos-x86_64 0.1.0 OK
r-oldrel-windows-ix86+x86_64 0.1.0 55.00 227.00 282.00 ERROR

Check Details

Version: 0.1.0
Check: LazyData
Result: NOTE
     'LazyData' is specified without a 'data' directory
Flavors: r-devel-linux-x86_64-debian-clang, r-devel-linux-x86_64-debian-gcc, r-devel-linux-x86_64-fedora-clang, r-devel-linux-x86_64-fedora-gcc, r-devel-windows-x86_64-new-UL, r-patched-linux-x86_64, r-release-linux-x86_64, r-release-macos-arm64, r-release-macos-x86_64, r-release-windows-ix86+x86_64

Version: 0.1.0
Check: examples
Result: ERROR
    Running examples in 'DCD-Ex.R' failed
    The error most likely occurred in:
    
    > ### Name: DCD
    > ### Title: Differential Community Detection for Paired Biological Networks,
    > ### for e.g. case vs control
    > ### Aliases: DCD
    >
    > ### ** Examples
    >
    >
    > DCD_output <- DCD()
    ..connectivity..
    ..matrix multiplication (system BLAS)..
    ..normalization..
    ..done.
    ..connectivity..
    ..matrix multiplication (system BLAS)..
    ..normalization..
    ..done.
    > ## Not run:
    > ##D library(igraph)
    > ##D g_A <- sample_grg(200, 0.15, torus=FALSE, coords = FALSE)
    > ##D g_B <- permute(g_A,c(sample(20),21:200))
    > ##D ground_truth <- c(rep(1,20),rep(0,180))
    > ##D DCD_output2 <- DCD(g_A = g_A, g_B = g_B, method = "Spectral", mink = 7,
    > ##D ground_truth = ground_truth, plot_flag = 1, color = "red",
    > ##D iter = 1, cores = 1 )
    > ##D
    > ## End(Not run)
    >
    >
    >
    > cleanEx()
    Error: connections left open:
     <-CRANWIN2.fb05.statistik.uni-dortmund.de:11224 (sockconn)
    Execution halted
Flavor: r-devel-windows-x86_64-new-UL

Version: 0.1.0
Check: examples
Result: ERROR
    Running examples in 'DCD-Ex.R' failed
    The error most likely occurred in:
    
    > ### Name: DCD
    > ### Title: Differential Community Detection for Paired Biological Networks,
    > ### for e.g. case vs control
    > ### Aliases: DCD
    >
    > ### ** Examples
    >
    >
    > DCD_output <- DCD()
    ..connectivity..
    ..matrix multiplication (system BLAS)..
    ..normalization..
    ..done.
    ..connectivity..
    ..matrix multiplication (system BLAS)..
    ..normalization..
    ..done.
    > ## Not run:
    > ##D library(igraph)
    > ##D g_A <- sample_grg(200, 0.15, torus=FALSE, coords = FALSE)
    > ##D g_B <- permute(g_A,c(sample(20),21:200))
    > ##D ground_truth <- c(rep(1,20),rep(0,180))
    > ##D DCD_output2 <- DCD(g_A = g_A, g_B = g_B, method = "Spectral", mink = 7,
    > ##D ground_truth = ground_truth, plot_flag = 1, color = "red",
    > ##D iter = 1, cores = 1 )
    > ##D
    > ## End(Not run)
    >
    >
    >
    > cleanEx()
    Error: connections left open:
     <-CRANwin.fb05.statistik.uni-dortmund.de:11941 (sockconn)
    Execution halted
Flavor: r-release-windows-ix86+x86_64

Version: 0.1.0
Check: examples
Result: ERROR
    Running examples in 'DCD-Ex.R' failed
    The error most likely occurred in:
    
    > ### Name: DCD
    > ### Title: Differential Community Detection for Paired Biological Networks,
    > ### for e.g. case vs control
    > ### Aliases: DCD
    >
    > ### ** Examples
    >
    >
    > DCD_output <- DCD()
    ..connectivity..
    ..matrix multiplication (system BLAS)..
    ..normalization..
    ..done.
    ..connectivity..
    ..matrix multiplication (system BLAS)..
    ..normalization..
    ..done.
    > ## Not run:
    > ##D library(igraph)
    > ##D g_A <- sample_grg(200, 0.15, torus=FALSE, coords = FALSE)
    > ##D g_B <- permute(g_A,c(sample(20),21:200))
    > ##D ground_truth <- c(rep(1,20),rep(0,180))
    > ##D DCD_output2 <- DCD(g_A = g_A, g_B = g_B, method = "Spectral", mink = 7,
    > ##D ground_truth = ground_truth, plot_flag = 1, color = "red",
    > ##D iter = 1, cores = 1 )
    > ##D
    > ## End(Not run)
    >
    >
    >
    > cleanEx()
    Error: connections left open:
     <-CRANwin.fb05.statistik.uni-dortmund.de:11019 (sockconn)
    Execution halted
Flavor: r-oldrel-windows-ix86+x86_64