CRAN Package Check Results for Package Corbi

Last updated on 2022-04-08 01:48:42 CEST.

Flavor Version Tinstall Tcheck Ttotal Status Flags
r-devel-linux-x86_64-debian-clang 0.6-1 14.96 134.78 149.74 NOTE
r-devel-linux-x86_64-debian-gcc 0.6-1 11.61 88.14 99.75 NOTE
r-devel-linux-x86_64-fedora-clang 0.6-1 167.38 NOTE
r-devel-linux-x86_64-fedora-gcc 0.6-1 151.92 NOTE
r-devel-windows-x86_64-new-UL 0.6-1 49.00 163.00 212.00 OK
r-patched-linux-x86_64 0.6-1 13.82 113.73 127.55 OK
r-release-linux-x86_64 0.6-1 11.26 107.67 118.93 OK
r-release-macos-arm64 0.6-1 NOTE
r-release-macos-x86_64 0.6-1 OK
r-release-windows-ix86+x86_64 0.6-1 30.00 170.00 200.00 OK
r-oldrel-macos-x86_64 0.6-1 OK
r-oldrel-windows-ix86+x86_64 0.6-1 30.00 170.00 200.00 OK

Check Details

Version: 0.6-1
Check: Rd files
Result: NOTE
    checkRd: (7) file 'p_combine.Rd': \item in \value must have non-empty label
Flavors: r-devel-linux-x86_64-debian-clang, r-devel-linux-x86_64-debian-gcc, r-devel-linux-x86_64-fedora-clang, r-devel-linux-x86_64-fedora-gcc

Version: 0.6-1
Check: package dependencies
Result: NOTE
    Package suggested but not available for checking: ‘BiocParallel’
Flavor: r-release-macos-arm64