CRAN Package Check Results for Package CompareCausalNetworks

Last updated on 2022-04-08 01:48:42 CEST.

Flavor Version Tinstall Tcheck Ttotal Status Flags
r-devel-linux-x86_64-debian-clang 0.2.6.2 10.31 133.03 143.34 NOTE
r-devel-linux-x86_64-debian-gcc 0.2.6.2 10.22 100.65 110.87 NOTE
r-devel-linux-x86_64-fedora-clang 0.2.6.2 175.44 NOTE
r-devel-linux-x86_64-fedora-gcc 0.2.6.2 163.20 NOTE
r-devel-windows-x86_64-new-UL 0.2.6.2 126.00 142.00 268.00 NOTE
r-patched-linux-x86_64 0.2.6.2 10.92 123.18 134.10 NOTE
r-release-linux-x86_64 0.2.6.2 9.67 122.15 131.82 NOTE
r-release-macos-arm64 0.2.6.2 NOTE
r-release-macos-x86_64 0.2.6.2 NOTE
r-release-windows-ix86+x86_64 0.2.6.2 20.00 133.00 153.00 OK
r-oldrel-macos-x86_64 0.2.6.2 NOTE
r-oldrel-windows-ix86+x86_64 0.2.6.2 21.00 132.00 153.00 OK

Check Details

Version: 0.2.6.2
Check: package dependencies
Result: NOTE
    Package suggested but not available for checking: 'CAM'
Flavors: r-devel-linux-x86_64-debian-clang, r-devel-linux-x86_64-debian-gcc, r-devel-linux-x86_64-fedora-clang, r-devel-linux-x86_64-fedora-gcc, r-devel-windows-x86_64-new-UL, r-patched-linux-x86_64, r-release-linux-x86_64, r-release-macos-x86_64

Version: 0.2.6.2
Check: package dependencies
Result: NOTE
    Packages suggested but not available for checking: 'pcalg', 'CAM'
Flavor: r-release-macos-arm64

Version: 0.2.6.2
Check: package dependencies
Result: NOTE
    Packages suggested but not available for checking: 'CAM', 'flare'
Flavor: r-oldrel-macos-x86_64