CRAN Package Check Results for Package ChangePointTaylor

Last updated on 2022-04-08 01:48:41 CEST.

Flavor Version Tinstall Tcheck Ttotal Status Flags
r-devel-linux-x86_64-debian-clang 0.2 39.00 78.75 117.75 OK
r-devel-linux-x86_64-debian-gcc 0.2 30.38 57.18 87.56 OK
r-devel-linux-x86_64-fedora-clang 0.2 165.71 NOTE
r-devel-linux-x86_64-fedora-gcc 0.2 135.04 NOTE
r-devel-windows-x86_64-new-UL 0.2 67.00 414.00 481.00 OK
r-patched-linux-x86_64 0.2 33.62 75.26 108.88 OK
r-release-linux-x86_64 0.2 30.33 70.75 101.08 OK
r-release-macos-arm64 0.2 NOTE
r-release-macos-x86_64 0.2 NOTE
r-release-windows-ix86+x86_64 0.2 93.00 445.00 538.00 OK
r-oldrel-macos-x86_64 0.2 NOTE
r-oldrel-windows-ix86+x86_64 0.2 95.00 438.00 533.00 OK

Check Details

Version: 0.2
Check: dependencies in R code
Result: NOTE
    Namespaces in Imports field not imported from:
     ‘bench’ ‘ggplot2’
     All declared Imports should be used.
Flavors: r-devel-linux-x86_64-fedora-clang, r-devel-linux-x86_64-fedora-gcc, r-release-macos-arm64, r-release-macos-x86_64, r-oldrel-macos-x86_64