Last updated on 2022-04-08 01:48:41 CEST.
Flavor | Version | Tinstall | Tcheck | Ttotal | Status | Flags |
---|---|---|---|---|---|---|
r-devel-linux-x86_64-debian-clang | 2.59 | 65.79 | 465.02 | 530.81 | OK | |
r-devel-linux-x86_64-debian-gcc | 2.59 | 44.16 | 321.80 | 365.96 | OK | |
r-devel-linux-x86_64-fedora-clang | 2.59 | 643.67 | NOTE | |||
r-devel-linux-x86_64-fedora-gcc | 2.59 | 608.88 | NOTE | |||
r-devel-windows-x86_64-new-UL | 2.59 | 43.00 | 319.00 | 362.00 | OK | |
r-patched-linux-x86_64 | 2.59 | 62.26 | 436.57 | 498.83 | OK | |
r-release-linux-x86_64 | 2.59 | 46.51 | 339.16 | 385.67 | OK | |
r-release-macos-arm64 | 2.59 | NOTE | ||||
r-release-macos-x86_64 | 2.59 | NOTE | ||||
r-release-windows-ix86+x86_64 | 2.59 | 73.00 | 314.00 | 387.00 | OK | |
r-oldrel-macos-x86_64 | 2.58 | OK | ||||
r-oldrel-windows-ix86+x86_64 | 2.58 | 39.00 | 176.00 | 215.00 | OK |
Version: 2.59
Check: dependencies in R code
Result: NOTE
Namespace in Imports field not imported from: ‘Rcpp’
All declared Imports should be used.
Flavors: r-devel-linux-x86_64-fedora-clang, r-devel-linux-x86_64-fedora-gcc, r-release-macos-arm64, r-release-macos-x86_64