CRAN Package Check Results for Package CensMFM

Last updated on 2022-04-08 01:48:41 CEST.

Flavor Version Tinstall Tcheck Ttotal Status Flags
r-devel-linux-x86_64-debian-clang 2.11 10.80 84.36 95.16 NOTE
r-devel-linux-x86_64-debian-gcc 2.11 8.54 62.75 71.29 NOTE
r-devel-linux-x86_64-fedora-clang 2.11 115.27 NOTE
r-devel-linux-x86_64-fedora-gcc 2.11 98.59 NOTE
r-devel-windows-x86_64-new-UL 2.11 19.00 93.00 112.00 NOTE
r-patched-linux-x86_64 2.11 8.87 77.58 86.45 NOTE
r-release-linux-x86_64 2.11 10.06 76.54 86.60 NOTE
r-release-macos-arm64 2.11 NOTE
r-release-macos-x86_64 2.11 NOTE
r-release-windows-ix86+x86_64 2.11 22.00 87.00 109.00 NOTE
r-oldrel-macos-x86_64 2.11 OK
r-oldrel-windows-ix86+x86_64 2.11 23.00 87.00 110.00 OK

Check Details

Version: 2.11
Check: LazyData
Result: NOTE
     'LazyData' is specified without a 'data' directory
Flavors: r-devel-linux-x86_64-debian-clang, r-devel-linux-x86_64-debian-gcc, r-devel-linux-x86_64-fedora-clang, r-devel-linux-x86_64-fedora-gcc, r-devel-windows-x86_64-new-UL, r-patched-linux-x86_64, r-release-linux-x86_64, r-release-macos-arm64, r-release-macos-x86_64, r-release-windows-ix86+x86_64