Last updated on 2022-04-08 01:48:41 CEST.
Flavor | Version | Tinstall | Tcheck | Ttotal | Status | Flags |
---|---|---|---|---|---|---|
r-devel-linux-x86_64-debian-clang | 0.0.3 | 126.22 | 141.30 | 267.52 | NOTE | |
r-devel-linux-x86_64-debian-gcc | 0.0.3 | 124.20 | 105.58 | 229.78 | NOTE | |
r-devel-linux-x86_64-fedora-clang | 0.0.3 | 376.83 | NOTE | |||
r-devel-linux-x86_64-fedora-gcc | 0.0.3 | 359.24 | NOTE | |||
r-devel-windows-x86_64-new-UL | 0.0.3 | 212.00 | 205.00 | 417.00 | NOTE | |
r-patched-linux-x86_64 | 0.0.3 | 98.13 | 133.87 | 232.00 | NOTE | |
r-release-linux-x86_64 | 0.0.3 | 95.44 | 125.16 | 220.60 | NOTE | |
r-release-macos-arm64 | 0.0.3 | NOTE | ||||
r-release-macos-x86_64 | 0.0.3 | NOTE | ||||
r-release-windows-ix86+x86_64 | 0.0.3 | 297.00 | 241.00 | 538.00 | NOTE | |
r-oldrel-macos-x86_64 | 0.0.3 | NOTE | ||||
r-oldrel-windows-ix86+x86_64 | 0.0.3 | 297.00 | 242.00 | 539.00 | NOTE |
Version: 0.0.3
Check: for GNU extensions in Makefiles
Result: NOTE
GNU make is a SystemRequirements.
Flavors: r-devel-linux-x86_64-debian-clang, r-devel-linux-x86_64-debian-gcc, r-devel-linux-x86_64-fedora-clang, r-devel-linux-x86_64-fedora-gcc, r-devel-windows-x86_64-new-UL, r-patched-linux-x86_64, r-release-linux-x86_64, r-release-macos-arm64, r-release-macos-x86_64, r-release-windows-ix86+x86_64, r-oldrel-macos-x86_64, r-oldrel-windows-ix86+x86_64
Version: 0.0.3
Check: installed package size
Result: NOTE
installed size is 23.0Mb
sub-directories of 1Mb or more:
libs 22.4Mb
Flavors: r-devel-linux-x86_64-fedora-clang, r-release-macos-arm64, r-release-macos-x86_64, r-oldrel-macos-x86_64