Last updated on 2022-04-08 01:48:41 CEST.
Flavor | Version | Tinstall | Tcheck | Ttotal | Status | Flags |
---|---|---|---|---|---|---|
r-devel-linux-x86_64-debian-clang | 2.0.3 | 110.51 | 102.35 | 212.86 | NOTE | |
r-devel-linux-x86_64-debian-gcc | 2.0.3 | 99.32 | 74.57 | 173.89 | NOTE | |
r-devel-linux-x86_64-fedora-clang | 2.0.3 | 305.50 | NOTE | |||
r-devel-linux-x86_64-fedora-gcc | 2.0.3 | 265.96 | NOTE | |||
r-devel-windows-x86_64-new-UL | 2.0.3 | 91.00 | 137.00 | 228.00 | NOTE | |
r-patched-linux-x86_64 | 2.0.3 | 109.11 | 94.60 | 203.71 | NOTE | |
r-release-linux-x86_64 | 2.0.3 | 96.87 | 90.68 | 187.55 | NOTE | |
r-release-macos-arm64 | 2.0.3 | NOTE | ||||
r-release-macos-x86_64 | 2.0.3 | NOTE | ||||
r-release-windows-ix86+x86_64 | 2.0.3 | 252.00 | 152.00 | 404.00 | NOTE | |
r-oldrel-macos-x86_64 | 2.0.3 | NOTE | ||||
r-oldrel-windows-ix86+x86_64 | 2.0.3 | 255.00 | 160.00 | 415.00 | OK |
Version: 2.0.3
Check: LazyData
Result: NOTE
'LazyData' is specified without a 'data' directory
Flavors: r-devel-linux-x86_64-debian-clang, r-devel-linux-x86_64-debian-gcc, r-devel-linux-x86_64-fedora-clang, r-devel-linux-x86_64-fedora-gcc, r-devel-windows-x86_64-new-UL, r-patched-linux-x86_64, r-release-linux-x86_64, r-release-macos-arm64, r-release-macos-x86_64, r-release-windows-ix86+x86_64
Version: 2.0.3
Check: installed package size
Result: NOTE
installed size is 7.9Mb
sub-directories of 1Mb or more:
libs 7.6Mb
Flavors: r-devel-linux-x86_64-fedora-clang, r-release-macos-arm64, r-release-macos-x86_64, r-oldrel-macos-x86_64