Last updated on 2022-04-08 01:48:41 CEST.
Flavor | Version | Tinstall | Tcheck | Ttotal | Status | Flags |
---|---|---|---|---|---|---|
r-devel-linux-x86_64-debian-clang | 1.5-15 | 8.85 | 34.88 | 43.73 | OK | |
r-devel-linux-x86_64-debian-gcc | 1.5-15 | 6.28 | 27.83 | 34.11 | OK | |
r-devel-linux-x86_64-fedora-clang | 1.5-15 | 55.39 | OK | |||
r-devel-linux-x86_64-fedora-gcc | 1.5-15 | 43.79 | OK | |||
r-devel-windows-x86_64-new-UL | 1.5-15 | 43.00 | 116.00 | 159.00 | NOTE | |
r-patched-linux-x86_64 | 1.5-15 | 7.14 | 34.41 | 41.55 | OK | |
r-release-linux-x86_64 | 1.5-15 | 6.76 | 33.11 | 39.87 | OK | |
r-release-macos-arm64 | 1.5-15 | NOTE | ||||
r-release-macos-x86_64 | 1.5-15 | NOTE | ||||
r-release-windows-ix86+x86_64 | 1.5-15 | 27.00 | 52.00 | 79.00 | OK | |
r-oldrel-macos-x86_64 | 1.5-15 | NOTE | ||||
r-oldrel-windows-ix86+x86_64 | 1.5-15 | 30.00 | 50.00 | 80.00 | OK |
Version: 1.5-15
Check: installed package size
Result: NOTE
installed size is 8.2Mb
sub-directories of 1Mb or more:
libs 8.1Mb
Flavors: r-devel-windows-x86_64-new-UL, r-release-macos-arm64, r-release-macos-x86_64, r-oldrel-macos-x86_64