CRAN Package Check Results for Package CaPO4Sim

Last updated on 2022-04-08 01:48:41 CEST.

Flavor Version Tinstall Tcheck Ttotal Status Flags
r-devel-linux-x86_64-debian-clang 0.2.0 7.99 59.04 67.03 NOTE
r-devel-linux-x86_64-debian-gcc 0.2.0 5.83 45.51 51.34 NOTE
r-devel-linux-x86_64-fedora-clang 0.2.0 80.57 NOTE
r-devel-linux-x86_64-fedora-gcc 0.2.0 67.02 NOTE
r-devel-windows-x86_64-new-UL 0.2.0 230.00 80.00 310.00 NOTE
r-patched-linux-x86_64 0.2.0 13.33 56.88 70.21 NOTE
r-release-linux-x86_64 0.2.0 4.59 53.38 57.97 NOTE
r-release-macos-arm64 0.2.0 NOTE
r-release-macos-x86_64 0.2.0 NOTE
r-release-windows-ix86+x86_64 0.2.0 17.00 68.00 85.00 NOTE
r-oldrel-macos-x86_64 0.2.0 NOTE
r-oldrel-windows-ix86+x86_64 0.2.0 17.00 69.00 86.00 OK

Check Details

Version: 0.2.0
Check: LazyData
Result: NOTE
     'LazyData' is specified without a 'data' directory
Flavors: r-devel-linux-x86_64-debian-clang, r-devel-linux-x86_64-debian-gcc, r-devel-linux-x86_64-fedora-clang, r-devel-linux-x86_64-fedora-gcc, r-devel-windows-x86_64-new-UL, r-patched-linux-x86_64, r-release-linux-x86_64, r-release-macos-arm64, r-release-macos-x86_64, r-release-windows-ix86+x86_64

Version: 0.2.0
Check: dependencies in R code
Result: NOTE
    Namespaces in Imports field not imported from:
     ‘htmltools’ ‘shinydashboard’
     All declared Imports should be used.
Flavors: r-devel-linux-x86_64-fedora-clang, r-devel-linux-x86_64-fedora-gcc, r-release-macos-arm64, r-release-macos-x86_64, r-oldrel-macos-x86_64