Last updated on 2022-04-08 01:48:43 CEST.
Flavor | Version | Tinstall | Tcheck | Ttotal | Status | Flags |
---|---|---|---|---|---|---|
r-devel-linux-x86_64-debian-clang | 1.2.4 | 3.69 | 32.68 | 36.37 | OK | |
r-devel-linux-x86_64-debian-gcc | 1.2.4 | 3.09 | 25.88 | 28.97 | OK | |
r-devel-linux-x86_64-fedora-clang | 1.2.4 | 44.49 | NOTE | |||
r-devel-linux-x86_64-fedora-gcc | 1.2.4 | 34.09 | NOTE | |||
r-devel-windows-x86_64-new-UL | 1.2.4 | 15.00 | 47.00 | 62.00 | OK | |
r-patched-linux-x86_64 | 1.2.4 | 3.53 | 32.14 | 35.67 | OK | |
r-release-linux-x86_64 | 1.2.4 | 3.22 | 30.56 | 33.78 | OK | |
r-release-macos-arm64 | 1.2.4 | OK | ||||
r-release-macos-x86_64 | 1.2.4 | OK | ||||
r-release-windows-ix86+x86_64 | 1.2.4 | 11.00 | 41.00 | 52.00 | OK | |
r-oldrel-macos-x86_64 | 1.2.4 | OK | ||||
r-oldrel-windows-ix86+x86_64 | 1.2.4 | 9.00 | 40.00 | 49.00 | OK |
Version: 1.2.4
Check: top-level files
Result: NOTE
‘cleanup’: /bin/bash is not portable
Flavors: r-devel-linux-x86_64-fedora-clang, r-devel-linux-x86_64-fedora-gcc