Last updated on 2022-04-08 01:48:42 CEST.
Flavor | Version | Tinstall | Tcheck | Ttotal | Status | Flags |
---|---|---|---|---|---|---|
r-devel-linux-x86_64-debian-clang | 0.1.0 | 35.99 | 98.55 | 134.54 | OK | |
r-devel-linux-x86_64-debian-gcc | 0.1.0 | 31.58 | 59.71 | 91.29 | OK | |
r-devel-linux-x86_64-fedora-clang | 0.1.0 | 180.61 | NOTE | |||
r-devel-linux-x86_64-fedora-gcc | 0.1.0 | 142.38 | NOTE | |||
r-devel-windows-x86_64-new-UL | 0.1.0 | 67.00 | 136.00 | 203.00 | OK | |
r-patched-linux-x86_64 | 0.1.0 | 31.14 | 82.61 | 113.75 | OK | |
r-release-linux-x86_64 | 0.1.0 | 32.11 | 83.76 | 115.87 | OK | |
r-release-macos-arm64 | 0.1.0 | NOTE | ||||
r-release-macos-x86_64 | 0.1.0 | NOTE | ||||
r-release-windows-ix86+x86_64 | 0.1.0 | 90.00 | 186.00 | 276.00 | OK | |
r-oldrel-macos-x86_64 | 0.1.0 | NOTE | ||||
r-oldrel-windows-ix86+x86_64 | 0.1.0 | 92.00 | 186.00 | 278.00 | OK |
Version: 0.1.0
Check: dependencies in R code
Result: NOTE
Namespaces in Imports field not imported from:
‘Rdpack’ ‘grDevices’
All declared Imports should be used.
Flavors: r-devel-linux-x86_64-fedora-clang, r-devel-linux-x86_64-fedora-gcc, r-release-macos-arm64, r-release-macos-x86_64, r-oldrel-macos-x86_64