CRAN Package Check Results for Package CLVTools

Last updated on 2022-04-08 01:48:42 CEST.

Flavor Version Tinstall Tcheck Ttotal Status Flags
r-devel-linux-x86_64-debian-clang 0.9.0 132.06 631.19 763.25 OK
r-devel-linux-x86_64-debian-gcc 0.9.0 115.33 498.46 613.79 OK
r-devel-linux-x86_64-fedora-clang 0.9.0 778.95 NOTE
r-devel-linux-x86_64-fedora-gcc 0.9.0 715.30 OK
r-devel-windows-x86_64-new-UL 0.9.0 339.00 462.00 801.00 OK
r-patched-linux-x86_64 0.9.0 126.77 539.10 665.87 OK
r-release-linux-x86_64 0.9.0 120.19 531.66 651.85 OK
r-release-macos-arm64 0.9.0 NOTE
r-release-macos-x86_64 0.9.0 WARN --as-cran
r-release-windows-ix86+x86_64 0.9.0 338.00 640.00 978.00 OK
r-oldrel-macos-x86_64 0.9.0 NOTE
r-oldrel-windows-ix86+x86_64 0.9.0 336.00 652.00 988.00 OK

Check Details

Version: 0.9.0
Check: installed package size
Result: NOTE
     installed size is 7.9Mb
     sub-directories of 1Mb or more:
     libs 6.5Mb
Flavors: r-devel-linux-x86_64-fedora-clang, r-release-macos-arm64, r-oldrel-macos-x86_64

Version: 0.9.0
Flags: --as-cran
Check: CRAN incoming feasibility
Result: WARN
    Maintainer: ‘Patrick Bachmann <pbachma@ethz.ch>’
    
    Insufficient package version (submitted: 0.9.0, existing: 0.9.0)
    
    Days since last update: 0
Flavor: r-release-macos-x86_64

Version: 0.9.0
Flags: --as-cran
Check: installed package size
Result: NOTE
     installed size is 11.7Mb
     sub-directories of 1Mb or more:
     libs 10.4Mb
Flavor: r-release-macos-x86_64

Version: 0.9.0
Flags: --as-cran
Check: top-level files
Result: NOTE
    Files ‘README.md’ or ‘NEWS.md’ cannot be checked without ‘pandoc’ being installed.
Flavor: r-release-macos-x86_64

Version: 0.9.0
Flags: --as-cran
Check: sizes of PDF files under ‘inst/doc’
Result: NOTE
    Unable to find GhostScript executable to run checks on size reduction
Flavor: r-release-macos-x86_64