Last updated on 2022-04-08 01:48:41 CEST.
Flavor | Version | Tinstall | Tcheck | Ttotal | Status | Flags |
---|---|---|---|---|---|---|
r-devel-linux-x86_64-debian-clang | 0.1.0 | 8.83 | 126.32 | 135.15 | OK | |
r-devel-linux-x86_64-debian-gcc | 0.1.0 | 7.48 | 93.73 | 101.21 | OK | |
r-devel-linux-x86_64-fedora-clang | 0.1.0 | 158.57 | NOTE | |||
r-devel-linux-x86_64-fedora-gcc | 0.1.0 | 148.50 | OK | |||
r-devel-windows-x86_64-new-UL | 0.1.0 | 18.00 | 153.00 | 171.00 | NOTE | |
r-patched-linux-x86_64 | 0.1.0 | 5.41 | 119.39 | 124.80 | OK | |
r-release-linux-x86_64 | 0.1.0 | 5.19 | 111.72 | 116.91 | OK | |
r-release-macos-arm64 | 0.1.0 | NOTE | ||||
r-release-macos-x86_64 | 0.1.0 | NOTE | ||||
r-release-windows-ix86+x86_64 | 0.1.0 | 20.00 | 131.00 | 151.00 | NOTE | |
r-oldrel-macos-x86_64 | 0.1.0 | NOTE | ||||
r-oldrel-windows-ix86+x86_64 | 0.1.0 | 21.00 | 133.00 | 154.00 | NOTE |
Version: 0.1.0
Check: installed package size
Result: NOTE
installed size is 8.0Mb
sub-directories of 1Mb or more:
doc 5.7Mb
extdata 2.1Mb
Flavors: r-devel-linux-x86_64-fedora-clang, r-devel-windows-x86_64-new-UL, r-release-macos-arm64, r-release-macos-x86_64, r-release-windows-ix86+x86_64, r-oldrel-macos-x86_64, r-oldrel-windows-ix86+x86_64