Last updated on 2022-04-08 01:48:41 CEST.
Flavor | Version | Tinstall | Tcheck | Ttotal | Status | Flags |
---|---|---|---|---|---|---|
r-devel-linux-x86_64-debian-clang | 1.90 | 4.80 | 48.56 | 53.36 | OK | |
r-devel-linux-x86_64-debian-gcc | 1.90 | 3.77 | 36.83 | 40.60 | OK | |
r-devel-linux-x86_64-fedora-clang | 1.90 | 68.90 | NOTE | |||
r-devel-linux-x86_64-fedora-gcc | 1.90 | 52.62 | NOTE | |||
r-devel-windows-x86_64-new-UL | 1.90 | 32.00 | 80.00 | 112.00 | OK | |
r-patched-linux-x86_64 | 1.90 | 6.77 | 46.82 | 53.59 | OK | |
r-release-linux-x86_64 | 1.90 | 4.53 | 44.48 | 49.01 | OK | |
r-release-macos-arm64 | 1.90 | NOTE | ||||
r-release-macos-x86_64 | 1.90 | NOTE | ||||
r-release-windows-ix86+x86_64 | 1.90 | 10.00 | 65.00 | 75.00 | OK | |
r-oldrel-macos-x86_64 | 1.90 | NOTE | ||||
r-oldrel-windows-ix86+x86_64 | 1.90 | 12.00 | 65.00 | 77.00 | OK |
Version: 1.90
Check: data for non-ASCII characters
Result: NOTE
Note: found 907 marked UTF-8 strings
Flavors: r-devel-linux-x86_64-fedora-clang, r-devel-linux-x86_64-fedora-gcc, r-release-macos-arm64, r-release-macos-x86_64, r-oldrel-macos-x86_64