CRAN Package Check Results for Package CDatanet

Last updated on 2022-04-08 01:48:41 CEST.

Flavor Version Tinstall Tcheck Ttotal Status Flags
r-devel-linux-x86_64-debian-clang 0.0.1 108.31 125.35 233.66 NOTE
r-devel-linux-x86_64-debian-gcc 1.0.1 111.18 66.37 177.55 OK
r-devel-linux-x86_64-fedora-clang 1.0.1 340.28 NOTE
r-devel-linux-x86_64-fedora-gcc 1.0.1 268.56 NOTE
r-devel-windows-x86_64-new-UL 1.0.1 93.00 148.00 241.00 OK
r-patched-linux-x86_64 1.0.1 88.17 84.88 173.05 OK
r-release-linux-x86_64 1.0.1 90.07 79.41 169.48 OK
r-release-macos-arm64 0.0.1 NOTE
r-release-macos-x86_64 1.0.1 NOTE
r-release-windows-ix86+x86_64 0.0.1 227.00 167.00 394.00 NOTE
r-oldrel-macos-x86_64 1.0.1 NOTE
r-oldrel-windows-ix86+x86_64 1.0.1 302.00 139.00 441.00 OK

Check Details

Version: 0.0.1
Check: LazyData
Result: NOTE
     'LazyData' is specified without a 'data' directory
Flavors: r-devel-linux-x86_64-debian-clang, r-release-macos-arm64, r-release-windows-ix86+x86_64

Version: 1.0.1
Check: installed package size
Result: NOTE
     installed size is 7.6Mb
     sub-directories of 1Mb or more:
     libs 7.4Mb
Flavors: r-devel-linux-x86_64-fedora-clang, r-release-macos-x86_64, r-oldrel-macos-x86_64

Version: 1.0.1
Check: dependencies in R code
Result: NOTE
    Namespace in Imports field not imported from: ‘formula.tools’
     All declared Imports should be used.
Flavors: r-devel-linux-x86_64-fedora-clang, r-devel-linux-x86_64-fedora-gcc, r-release-macos-x86_64, r-oldrel-macos-x86_64

Version: 0.0.1
Check: installed package size
Result: NOTE
     installed size is 9.1Mb
     sub-directories of 1Mb or more:
     libs 8.2Mb
Flavor: r-release-macos-arm64

Version: 0.0.1
Check: dependencies in R code
Result: NOTE
    Namespace in Imports field not imported from: ‘formula.tools’
     All declared Imports should be used.
Flavor: r-release-macos-arm64