Last updated on 2022-04-08 01:48:41 CEST.
Flavor | Version | Tinstall | Tcheck | Ttotal | Status | Flags |
---|---|---|---|---|---|---|
r-devel-linux-x86_64-debian-clang | 5.2.5 | 84.16 | 480.77 | 564.93 | NOTE | |
r-devel-linux-x86_64-debian-gcc | 5.2.5 | 66.65 | 345.92 | 412.57 | NOTE | |
r-devel-linux-x86_64-fedora-clang | 5.2.5 | 689.65 | NOTE | |||
r-devel-linux-x86_64-fedora-gcc | 5.2.5 | 695.02 | NOTE | |||
r-devel-windows-x86_64-new-UL | 5.2.5 | 83.00 | 475.00 | 558.00 | OK | |
r-patched-linux-x86_64 | 5.2.5 | 65.57 | 451.34 | 516.91 | OK | |
r-release-linux-x86_64 | 5.2.5 | 72.13 | 419.56 | 491.69 | OK | |
r-release-macos-arm64 | 5.2.5 | OK | ||||
r-release-macos-x86_64 | 5.2.5 | OK | ||||
r-release-windows-ix86+x86_64 | 5.2.5 | 162.00 | 587.00 | 749.00 | OK | |
r-oldrel-macos-x86_64 | 5.2.5 | OK | ||||
r-oldrel-windows-ix86+x86_64 | 5.2.5 | 163.00 | 608.00 | 771.00 | OK |
Version: 5.2.5
Check: Rd files
Result: NOTE
checkRd: (7) file 'combine.data.shapefile.Rd': \item in \value must have non-empty label
checkRd: (7) file 'highlight.borders.Rd': \item in \value must have non-empty label
Flavors: r-devel-linux-x86_64-debian-clang, r-devel-linux-x86_64-debian-gcc, r-devel-linux-x86_64-fedora-clang, r-devel-linux-x86_64-fedora-gcc