CRAN Package Check Results for Package Buddle

Last updated on 2022-04-08 01:48:41 CEST.

Flavor Version Tinstall Tcheck Ttotal Status Flags
r-devel-linux-x86_64-debian-clang 2.0.1 49.28 44.12 93.40 OK
r-devel-linux-x86_64-debian-gcc 2.0.1 43.17 34.51 77.68 OK
r-devel-linux-x86_64-fedora-clang 2.0.1 131.42 OK
r-devel-linux-x86_64-fedora-gcc 2.0.1 111.11 OK
r-devel-windows-x86_64-new-UL 2.0.1 100.00 84.00 184.00 OK
r-patched-linux-x86_64 2.0.1 44.26 41.15 85.41 OK
r-release-linux-x86_64 2.0.1 42.56 38.90 81.46 OK
r-release-macos-arm64 2.0.1 NOTE
r-release-macos-x86_64 2.0.1 NOTE
r-release-windows-ix86+x86_64 2.0.1 111.00 76.00 187.00 OK
r-oldrel-macos-x86_64 2.0.1 NOTE
r-oldrel-windows-ix86+x86_64 2.0.1 110.00 79.00 189.00 OK

Check Details

Version: 2.0.1
Check: installed package size
Result: NOTE
     installed size is 5.6Mb
     sub-directories of 1Mb or more:
     libs 5.4Mb
Flavors: r-release-macos-arm64, r-release-macos-x86_64, r-oldrel-macos-x86_64