Last updated on 2022-04-08 01:48:41 CEST.
Flavor | Version | Tinstall | Tcheck | Ttotal | Status | Flags |
---|---|---|---|---|---|---|
r-devel-linux-x86_64-debian-clang | 0.32.1 | 23.47 | 269.12 | 292.59 | OK | |
r-devel-linux-x86_64-debian-gcc | 0.32.1 | 16.15 | 197.81 | 213.96 | OK | |
r-devel-linux-x86_64-fedora-clang | 0.32.1 | 355.43 | NOTE | |||
r-devel-linux-x86_64-fedora-gcc | 0.32.1 | 325.34 | NOTE | |||
r-devel-windows-x86_64-new-UL | 0.32.1 | 93.00 | 320.00 | 413.00 | OK | |
r-patched-linux-x86_64 | 0.32.1 | 21.82 | 249.98 | 271.80 | OK | |
r-release-linux-x86_64 | 0.32.1 | 18.48 | 270.39 | 288.87 | OK | |
r-release-macos-arm64 | 0.32.1 | NOTE | ||||
r-release-macos-x86_64 | 0.32.1 | NOTE | ||||
r-release-windows-ix86+x86_64 | 0.32.1 | 46.00 | 295.00 | 341.00 | OK | |
r-oldrel-macos-x86_64 | 0.32.1 | NOTE | ||||
r-oldrel-windows-ix86+x86_64 | 0.32.1 | 46.00 | 294.00 | 340.00 | OK |
Version: 0.32.1
Check: dependencies in R code
Result: NOTE
Namespace in Imports field not imported from: ‘mathjaxr’
All declared Imports should be used.
Flavors: r-devel-linux-x86_64-fedora-clang, r-devel-linux-x86_64-fedora-gcc, r-release-macos-arm64, r-release-macos-x86_64, r-oldrel-macos-x86_64