CRAN Package Check Results for Package BoolNet

Last updated on 2022-04-08 01:48:41 CEST.

Flavor Version Tinstall Tcheck Ttotal Status Flags
r-devel-linux-x86_64-debian-clang 2.1.5 20.79 247.34 268.13 NOTE
r-devel-linux-x86_64-debian-gcc 2.1.5 17.44 183.92 201.36 NOTE
r-devel-linux-x86_64-fedora-clang 2.1.5 334.22 NOTE
r-devel-linux-x86_64-fedora-gcc 2.1.5 308.38 NOTE
r-devel-windows-x86_64-new-UL 2.1.5 94.00 328.00 422.00 OK
r-patched-linux-x86_64 2.1.5 22.49 231.47 253.96 NOTE
r-release-linux-x86_64 2.1.5 17.06 167.42 184.48 NOTE
r-release-macos-arm64 2.1.5 OK
r-release-macos-x86_64 2.1.5 OK
r-release-windows-ix86+x86_64 2.1.5 65.00 220.00 285.00 OK
r-oldrel-macos-x86_64 2.1.5 OK
r-oldrel-windows-ix86+x86_64 2.1.5 67.00 218.00 285.00 OK

Additional issues

clang-UBSAN

Check Details

Version: 2.1.5
Check: for non-standard things in the check directory
Result: NOTE
    Found the following files/directories:
     'attractors.tex' 'cellcycle.sbml' 'cellcycle.txt' 'pajek_export.net'
     'sequence.txt' 'testNet.bn'
Flavors: r-devel-linux-x86_64-debian-clang, r-devel-linux-x86_64-debian-gcc, r-devel-linux-x86_64-fedora-clang, r-devel-linux-x86_64-fedora-gcc, r-patched-linux-x86_64, r-release-linux-x86_64