CRAN Package Check Results for Package Biolinv

Last updated on 2022-04-08 01:48:40 CEST.

Flavor Version Tinstall Tcheck Ttotal Status Flags
r-devel-linux-x86_64-debian-clang 0.1-3 37.26 359.90 397.16 OK
r-devel-linux-x86_64-debian-gcc 0.1-3 32.30 261.09 293.39 OK
r-devel-linux-x86_64-fedora-clang 0.1-3 480.20 NOTE
r-devel-linux-x86_64-fedora-gcc 0.1-3 451.37 NOTE
r-devel-windows-x86_64-new-UL 0.1-3 41.00 333.00 374.00 OK
r-patched-linux-x86_64 0.1-3 32.68 339.70 372.38 OK
r-release-linux-x86_64 0.1-3 32.98 308.95 341.93 OK
r-release-macos-arm64 0.1-3 NOTE
r-release-macos-x86_64 0.1-3 NOTE
r-release-windows-ix86+x86_64 0.1-3 80.00 328.00 408.00 OK
r-oldrel-macos-x86_64 0.1-3 NOTE
r-oldrel-windows-ix86+x86_64 0.1-3 88.00 337.00 425.00 OK

Check Details

Version: 0.1-3
Check: dependencies in R code
Result: NOTE
    Namespace in Imports field not imported from: ‘spatstat’
     All declared Imports should be used.
Flavors: r-devel-linux-x86_64-fedora-clang, r-devel-linux-x86_64-fedora-gcc, r-release-macos-arm64, r-release-macos-x86_64, r-oldrel-macos-x86_64