CRAN Package Check Results for Package Bestie

Last updated on 2022-04-08 01:48:40 CEST.

Flavor Version Tinstall Tcheck Ttotal Status Flags
r-devel-linux-x86_64-debian-clang 0.1.4 16.27 42.15 58.42 OK
r-devel-linux-x86_64-debian-gcc 0.1.4 12.97 32.19 45.16 OK
r-devel-linux-x86_64-fedora-clang 0.1.4 81.16 NOTE
r-devel-linux-x86_64-fedora-gcc 0.1.4 61.29 NOTE
r-devel-windows-x86_64-new-UL 0.1.4 22.00 74.00 96.00 OK
r-patched-linux-x86_64 0.1.4 12.21 40.23 52.44 OK
r-release-linux-x86_64 0.1.4 14.81 38.45 53.26 OK
r-release-macos-arm64 0.1.4 NOTE
r-release-macos-x86_64 0.1.4 NOTE
r-release-windows-ix86+x86_64 0.1.4 46.00 76.00 122.00 OK
r-oldrel-macos-x86_64 0.1.4 NOTE
r-oldrel-windows-ix86+x86_64 0.1.4 44.00 76.00 120.00 OK

Check Details

Version: 0.1.4
Check: dependencies in R code
Result: NOTE
    Namespace in Imports field not imported from: ‘BiDAG’
     All declared Imports should be used.
Flavors: r-devel-linux-x86_64-fedora-clang, r-devel-linux-x86_64-fedora-gcc, r-release-macos-arm64, r-release-macos-x86_64, r-oldrel-macos-x86_64