Last updated on 2022-04-08 01:48:40 CEST.
Flavor | Version | Tinstall | Tcheck | Ttotal | Status | Flags |
---|---|---|---|---|---|---|
r-devel-linux-x86_64-debian-clang | 0.3-1.4 | 16.82 | 39.17 | 55.99 | OK | |
r-devel-linux-x86_64-debian-gcc | 0.3-1.4 | 13.33 | 30.38 | 43.71 | OK | |
r-devel-linux-x86_64-fedora-clang | 0.3-1.4 | 84.29 | NOTE | |||
r-devel-linux-x86_64-fedora-gcc | 0.3-1.4 | 56.14 | NOTE | |||
r-devel-windows-x86_64-new-UL | 0.3-1.4 | 134.00 | 75.00 | 209.00 | OK | |
r-patched-linux-x86_64 | 0.3-1.4 | 14.77 | 37.56 | 52.33 | OK | |
r-release-linux-x86_64 | 0.3-1.4 | 12.15 | 36.98 | 49.13 | OK | |
r-release-macos-arm64 | 0.3-1.4 | OK | ||||
r-release-macos-x86_64 | 0.3-1.4 | OK | ||||
r-release-windows-ix86+x86_64 | 0.3-1.4 | 43.00 | 71.00 | 114.00 | OK | |
r-oldrel-macos-x86_64 | 0.3-1.4 | OK | ||||
r-oldrel-windows-ix86+x86_64 | 0.3-1.4 | 43.00 | 71.00 | 114.00 | OK |
Version: 0.3-1.4
Check: compiled code
Result: NOTE
File ‘BayesTree/libs/BayesTree.so’:
Found no calls to: ‘R_registerRoutines’, ‘R_useDynamicSymbols’
It is good practice to register native routines and to disable symbol
search.
See ‘Writing portable packages’ in the ‘Writing R Extensions’ manual.
Flavors: r-devel-linux-x86_64-fedora-clang, r-devel-linux-x86_64-fedora-gcc