CRAN Package Check Results for Package BayesESS

Last updated on 2022-04-08 01:48:40 CEST.

Flavor Version Tinstall Tcheck Ttotal Status Flags
r-devel-linux-x86_64-debian-clang 0.1.19 60.07 95.47 155.54 NOTE
r-devel-linux-x86_64-debian-gcc 0.1.19 44.07 73.40 117.47 NOTE
r-devel-linux-x86_64-fedora-clang 0.1.19 203.18 NOTE
r-devel-linux-x86_64-fedora-gcc 0.1.19 177.77 NOTE
r-devel-windows-x86_64-new-UL 0.1.19 55.00 124.00 179.00 NOTE
r-patched-linux-x86_64 0.1.19 46.89 93.50 140.39 NOTE
r-release-linux-x86_64 0.1.19 49.55 88.01 137.56 NOTE
r-release-macos-arm64 0.1.19 NOTE
r-release-macos-x86_64 0.1.19 NOTE
r-release-windows-ix86+x86_64 0.1.19 136.00 132.00 268.00 NOTE
r-oldrel-macos-x86_64 0.1.19 NOTE
r-oldrel-windows-ix86+x86_64 0.1.19 138.00 137.00 275.00 OK

Check Details

Version: 0.1.19
Check: LazyData
Result: NOTE
     'LazyData' is specified without a 'data' directory
Flavors: r-devel-linux-x86_64-debian-clang, r-devel-linux-x86_64-debian-gcc, r-devel-linux-x86_64-fedora-clang, r-devel-linux-x86_64-fedora-gcc, r-devel-windows-x86_64-new-UL, r-patched-linux-x86_64, r-release-linux-x86_64, r-release-macos-arm64, r-release-macos-x86_64, r-release-windows-ix86+x86_64

Version: 0.1.19
Check: dependencies in R code
Result: NOTE
    Namespaces in Imports field not imported from:
     ‘MASS’ ‘MatrixModels’
     All declared Imports should be used.
Flavors: r-devel-linux-x86_64-fedora-clang, r-devel-linux-x86_64-fedora-gcc, r-release-macos-arm64, r-release-macos-x86_64, r-oldrel-macos-x86_64