CRAN Package Check Results for Package BayesComm

Last updated on 2022-04-08 01:48:40 CEST.

Flavor Version Tinstall Tcheck Ttotal Status Flags
r-devel-linux-x86_64-debian-clang 0.1-2 46.13 43.81 89.94 OK
r-devel-linux-x86_64-debian-gcc 0.1-2 36.86 33.34 70.20 OK
r-devel-linux-x86_64-fedora-clang 0.1-2 124.49 NOTE
r-devel-linux-x86_64-fedora-gcc 0.1-2 102.30 NOTE
r-devel-windows-x86_64-new-UL 0.1-2 133.00 82.00 215.00 OK
r-patched-linux-x86_64 0.1-2 41.02 41.10 82.12 OK
r-release-linux-x86_64 0.1-2 38.07 40.78 78.85 OK
r-release-macos-arm64 0.1-2 OK
r-release-macos-x86_64 0.1-2 OK
r-release-windows-ix86+x86_64 0.1-2 114.00 79.00 193.00 OK
r-oldrel-macos-x86_64 0.1-2 OK
r-oldrel-windows-ix86+x86_64 0.1-2 114.00 88.00 202.00 OK

Check Details

Version: 0.1-2
Check: compiled code
Result: NOTE
    File ‘BayesComm/libs/BayesComm.so’:
     Found no calls to: ‘R_registerRoutines’, ‘R_useDynamicSymbols’
    
    It is good practice to register native routines and to disable symbol
    search.
    
    See ‘Writing portable packages’ in the ‘Writing R Extensions’ manual.
Flavors: r-devel-linux-x86_64-fedora-clang, r-devel-linux-x86_64-fedora-gcc