Last updated on 2022-04-08 01:48:40 CEST.
Flavor | Version | Tinstall | Tcheck | Ttotal | Status | Flags |
---|---|---|---|---|---|---|
r-devel-linux-x86_64-debian-clang | 0.5.0 | 18.70 | 199.25 | 217.95 | OK | |
r-devel-linux-x86_64-debian-gcc | 0.5.0 | 14.14 | 145.10 | 159.24 | OK | |
r-devel-linux-x86_64-fedora-clang | 0.5.0 | 248.08 | NOTE | |||
r-devel-linux-x86_64-fedora-gcc | 0.5.0 | 237.03 | NOTE | |||
r-devel-windows-x86_64-new-UL | 0.5.0 | 98.00 | 212.00 | 310.00 | OK | |
r-patched-linux-x86_64 | 0.5.0 | 22.39 | 183.66 | 206.05 | OK | |
r-release-linux-x86_64 | 0.5.0 | 12.29 | 173.64 | 185.93 | OK | |
r-release-macos-arm64 | 0.5.0 | NOTE | ||||
r-release-macos-x86_64 | 0.5.0 | NOTE | ||||
r-release-windows-ix86+x86_64 | 0.5.0 | 33.00 | 205.00 | 238.00 | OK | |
r-oldrel-macos-x86_64 | 0.5.0 | NOTE | ||||
r-oldrel-windows-ix86+x86_64 | 0.5.0 | 33.00 | 206.00 | 239.00 | OK |
Version: 0.5.0
Check: package dependencies
Result: NOTE
Imports includes 25 non-default packages.
Importing from so many packages makes the package vulnerable to any of
them becoming unavailable. Move as many as possible to Suggests and
use conditionally.
Flavor: r-devel-linux-x86_64-fedora-clang
Version: 0.5.0
Check: dependencies in R code
Result: NOTE
Namespaces in Imports field not imported from:
‘circlize’ ‘hexbin’ ‘scales’ ‘sna’
All declared Imports should be used.
Flavors: r-devel-linux-x86_64-fedora-clang, r-devel-linux-x86_64-fedora-gcc, r-release-macos-arm64, r-release-macos-x86_64, r-oldrel-macos-x86_64