CRAN Package Check Results for Package BallMapper

Last updated on 2022-04-08 01:48:40 CEST.

Flavor Version Tinstall Tcheck Ttotal Status Flags
r-devel-linux-x86_64-debian-clang 0.2.0 5.95 44.39 50.34 NOTE
r-devel-linux-x86_64-debian-gcc 0.2.0 4.81 33.88 38.69 NOTE
r-devel-linux-x86_64-fedora-clang 0.2.0 61.66 NOTE
r-devel-linux-x86_64-fedora-gcc 0.2.0 49.33 NOTE
r-devel-windows-x86_64-new-UL 0.2.0 24.00 60.00 84.00 NOTE
r-patched-linux-x86_64 0.2.0 7.47 41.77 49.24 NOTE
r-release-linux-x86_64 0.2.0 5.40 40.42 45.82 NOTE
r-release-macos-arm64 0.2.0 NOTE
r-release-macos-x86_64 0.2.0 NOTE
r-release-windows-ix86+x86_64 0.2.0 12.00 51.00 63.00 NOTE
r-oldrel-macos-x86_64 0.2.0 NOTE
r-oldrel-windows-ix86+x86_64 0.2.0 12.00 48.00 60.00 OK

Check Details

Version: 0.2.0
Check: LazyData
Result: NOTE
     'LazyData' is specified without a 'data' directory
Flavors: r-devel-linux-x86_64-debian-clang, r-devel-linux-x86_64-debian-gcc, r-devel-linux-x86_64-fedora-clang, r-devel-linux-x86_64-fedora-gcc, r-devel-windows-x86_64-new-UL, r-patched-linux-x86_64, r-release-linux-x86_64, r-release-macos-arm64, r-release-macos-x86_64, r-release-windows-ix86+x86_64

Version: 0.2.0
Check: dependencies in R code
Result: NOTE
    Namespace in Imports field not imported from: ‘testthat’
     All declared Imports should be used.
Flavors: r-devel-linux-x86_64-fedora-clang, r-devel-linux-x86_64-fedora-gcc, r-release-macos-arm64, r-release-macos-x86_64, r-oldrel-macos-x86_64