Last updated on 2022-04-08 01:48:40 CEST.
Flavor | Version | Tinstall | Tcheck | Ttotal | Status | Flags |
---|---|---|---|---|---|---|
r-devel-linux-x86_64-debian-clang | 0.1.1 | 7.37 | 113.15 | 120.52 | NOTE | |
r-devel-linux-x86_64-debian-gcc | 0.1.1 | 8.94 | 84.22 | 93.16 | NOTE | |
r-devel-linux-x86_64-fedora-clang | 0.1.1 | 145.35 | NOTE | |||
r-devel-linux-x86_64-fedora-gcc | 0.1.1 | 131.59 | NOTE | |||
r-devel-windows-x86_64-new-UL | 0.1.1 | 14.00 | 124.00 | 138.00 | NOTE | |
r-patched-linux-x86_64 | 0.1.1 | 10.37 | 106.49 | 116.86 | NOTE | |
r-release-linux-x86_64 | 0.1.1 | 7.30 | 99.37 | 106.67 | NOTE | |
r-release-macos-arm64 | 0.1.1 | NOTE | ||||
r-release-macos-x86_64 | 0.1.1 | NOTE | ||||
r-release-windows-ix86+x86_64 | 0.1.1 | 20.00 | 115.00 | 135.00 | NOTE | |
r-oldrel-macos-x86_64 | 0.1.1 | OK | ||||
r-oldrel-windows-ix86+x86_64 | 0.1.1 | 20.00 | 117.00 | 137.00 | OK |
Version: 0.1.1
Check: LazyData
Result: NOTE
'LazyData' is specified without a 'data' directory
Flavors: r-devel-linux-x86_64-debian-clang, r-devel-linux-x86_64-debian-gcc, r-devel-linux-x86_64-fedora-clang, r-devel-linux-x86_64-fedora-gcc, r-devel-windows-x86_64-new-UL, r-patched-linux-x86_64, r-release-linux-x86_64, r-release-macos-arm64, r-release-macos-x86_64, r-release-windows-ix86+x86_64