CRAN Package Check Results for Package BNPmix

Last updated on 2022-04-08 01:48:40 CEST.

Flavor Version Tinstall Tcheck Ttotal Status Flags
r-devel-linux-x86_64-debian-clang 1.0.0 221.69 131.23 352.92 OK
r-devel-linux-x86_64-debian-gcc 1.0.0 209.53 98.09 307.62 OK
r-devel-linux-x86_64-fedora-clang 1.0.0 574.76 NOTE
r-devel-linux-x86_64-fedora-gcc 1.0.0 493.70 OK
r-devel-windows-x86_64-new-UL 1.0.0 176.00 224.00 400.00 OK
r-patched-linux-x86_64 1.0.0 189.97 124.90 314.87 OK
r-release-linux-x86_64 1.0.0 186.75 121.87 308.62 OK
r-release-macos-arm64 1.0.0 NOTE
r-release-macos-x86_64 1.0.0 NOTE
r-release-windows-ix86+x86_64 1.0.0 542.00 178.00 720.00 NOTE
r-oldrel-macos-x86_64 1.0.0 NOTE
r-oldrel-windows-ix86+x86_64 1.0.0 586.00 181.00 767.00 NOTE

Check Details

Version: 1.0.0
Check: installed package size
Result: NOTE
     installed size is 12.8Mb
     sub-directories of 1Mb or more:
     libs 11.6Mb
Flavors: r-devel-linux-x86_64-fedora-clang, r-release-macos-arm64, r-release-macos-x86_64, r-release-windows-ix86+x86_64, r-oldrel-macos-x86_64, r-oldrel-windows-ix86+x86_64