Last updated on 2022-04-08 01:48:40 CEST.
Flavor | Version | Tinstall | Tcheck | Ttotal | Status | Flags |
---|---|---|---|---|---|---|
r-devel-linux-x86_64-debian-clang | 3.3-12 | 159.19 | 113.78 | 272.97 | WARN | |
r-devel-linux-x86_64-debian-gcc | 3.4-15 | 128.85 | 82.21 | 211.06 | OK | |
r-devel-linux-x86_64-fedora-clang | 3.4-15 | 385.35 | NOTE | |||
r-devel-linux-x86_64-fedora-gcc | 3.4-15 | 333.57 | OK | |||
r-devel-windows-x86_64-new-UL | 3.4-15 | 98.00 | 184.00 | 282.00 | OK | |
r-patched-linux-x86_64 | 3.4-15 | 135.24 | 105.38 | 240.62 | OK | |
r-release-linux-x86_64 | 3.4-15 | 111.27 | 101.99 | 213.26 | OK | |
r-release-macos-arm64 | 3.3-12 | NOTE | ||||
r-release-macos-x86_64 | 3.4-15 | NOTE | ||||
r-release-windows-ix86+x86_64 | 3.3-12 | 361.00 | 165.00 | 526.00 | NOTE | |
r-oldrel-macos-x86_64 | 3.4-15 | NOTE | ||||
r-oldrel-windows-ix86+x86_64 | 3.4-15 | 302.00 | 176.00 | 478.00 | OK |
Version: 3.3-12
Check: package dependencies
Result: NOTE
Package which this enhances but not available for checking: 'svyPVpack'
Flavor: r-devel-linux-x86_64-debian-clang
Version: 3.3-12
Check: whether package can be installed
Result: WARN
Found the following significant warnings:
bifiesurvey_rcpp_helper.cpp:580:16: warning: use of bitwise '&' with boolean operands [-Wbitwise-instead-of-logical]
bifiesurvey_rcpp_helper.cpp:1220:14: warning: use of bitwise '|' with boolean operands [-Wbitwise-instead-of-logical]
Flavor: r-devel-linux-x86_64-debian-clang
Version: 3.4-15
Check: installed package size
Result: NOTE
installed size is 8.1Mb
sub-directories of 1Mb or more:
data 1.4Mb
libs 6.2Mb
Flavors: r-devel-linux-x86_64-fedora-clang, r-release-macos-x86_64, r-oldrel-macos-x86_64
Version: 3.3-12
Check: installed package size
Result: NOTE
installed size is 12.9Mb
sub-directories of 1Mb or more:
data 1.4Mb
libs 11.0Mb
Flavors: r-release-macos-arm64, r-release-windows-ix86+x86_64